{"id":269,"date":"2020-09-15T22:35:56","date_gmt":"2020-09-15T22:35:56","guid":{"rendered":"https:\/\/commons.princeton.edu\/tartarugas\/?page_id=269"},"modified":"2020-09-17T19:24:32","modified_gmt":"2020-09-17T19:24:32","slug":"ethan-central-do-brasil","status":"publish","type":"page","link":"https:\/\/commons.princeton.edu\/tartarugas\/central-do-brasil\/ethan-central-do-brasil\/","title":{"rendered":"Amor em Abandono"},"content":{"rendered":"<h1>Amor em Abandono<\/h1>\n<p>por Ethan Abraham<\/p>\n<p>Dora veste o seu vestido, <del>comprava<\/del> <strong><span style=\"color: #0000ff\">c<\/span><span style=\"color: #3366ff\">omprado<\/span><\/strong> para ela na estrada por Josu\u00e9. Passa batom, vendo o seu reflexo na luz de uma vela. Entra no quarto na ponta dos p\u00e9s, verificando Josu\u00e9 enquanto ele dorme pacificamente. Coloca a carta da m\u00e3e morta de Josu\u00e9 no arm\u00e1rio. Ent\u00e3o, quieta como um rato, deixa Josu\u00e9 para tr\u00e1s, o menino que ela tem cuidado desde a morte da m\u00e3e dele. Sem um abra\u00e7o, uma palavra, at\u00e9 mesmo um olhar compartilhado, ela abandona-o no cuidado de dois homens, os irm\u00e3os do menino, que ela conheceu por menos de doze horas. O filme Central do Brasil, atrav\u00e9s da subvers\u00e3o do tropo cl\u00e1ssico da viagem na estrada, conta uma hist\u00f3ria mais emocionante e cr\u00edvel de uma mulher cansada redescobrindo sua empatia.<\/p>\n<p>Dora \u00e9 uma escritora de cartas na esta\u00e7\u00e3o no trem. Todos os dias, escreve os pensamentos e sentimentos das pessoas analfabetas que passam. Um dia, um menino Josu\u00e9, que tinha nove anos, e a sua m\u00e3e enviam uma carta para o pai dele, Pedro. Quando eram casados, ele era um b\u00eabado, mas a m\u00e3e quer <span style=\"color: #3366ff\"><strong>que<\/strong><\/span> Pedro conhe\u00e7a o seu filho. Eles retornam mais tarde para mandar uma carta nova, e enquanto saem, a m\u00e3e do Josu\u00e9 \u00e9 atropelada e morta por um carro. Josu\u00e9 \u00e9 deixado na esta\u00e7\u00e3o, sem a m\u00e3e, sem fam\u00edlia. Inicialmente, Dora ignora este menino, mas por fim o traz para casa. Depois, ela o vende a uma fam\u00edlia que diz encontrar pais americanos para as crian\u00e7as. Eles a pagam pelo menino e Dora sai. Com algum incentivo de sua amiga, Irene, ela rouba o menino o pr\u00f3ximo dia, e eles partem juntos em uma viagem para encontrar o pai do Josu\u00e9.<\/p>\n<p>Durante esta viagem, Josu\u00e9 e Dora desenvolvem uma amizade e at\u00e9 uma esp\u00e9cie de rela\u00e7\u00e3o de m\u00e3e e filho. A viagem deles \u00e9 longa, com muito choro, mas no fim eles encontram a casa do Pedro. Mas tinha partido, deixando para tr\u00e1s uma carta que diz que tentar<span style=\"color: #3366ff\"><strong>ia\u00a0<\/strong><\/span> encontrar sua ex-esposa e Josu\u00e9. Dora deixa Josu\u00e9 nesta casa com seus dois irm\u00e3os e decide come\u00e7ar a vida em um outro lugar longe do Rio.<\/p>\n<p>Dora \u00e9 uma ilha no mar de emo\u00e7\u00e3o, mas est\u00e1 isolada de tudo isso porque n\u00e3o se permite sentir. Ela escreve estas cartas, mas n\u00e3o manda todas elas. As cartas que ela n\u00e3o gosta ficam na gaveta, ou v\u00e3o para o lixo. Quando ela joga fora as cartas de seus clientes, pode descartar essas emo\u00e7\u00f5es e mensagens. Elas s\u00f3 s\u00e3o reais se ela permitir que sejam. Enquanto aprisiona e engarrafa suas emo\u00e7\u00f5es, fez o mesmo \u00e0s pessoas para quem escreve. Jogadas fora ou colocadas na gaveta, estas cartas nunca veem a luz do dia e estas emo\u00e7\u00f5es, sauda\u00e7\u00f5es, declara\u00e7\u00f5es de amor, nunca s\u00e3o lidas pelos destinat\u00e1rios. Ser o \u00e1rbitro destas cartas tamb\u00e9m lhe d\u00e1 algum senso de poder sobre essas pessoas. Trabalhando em um emprego insignificante, pagando a um homem pelo espa\u00e7o, a vida dela carece de excita\u00e7\u00e3o e talvez significado tamb\u00e9m. No come\u00e7o, estas cartas poderiam ter oferecido a Dora uma oportunidade de ver atrav\u00e9s dos olhos dos seus narradores, e sair de seu pr\u00f3prio mundo. Mas quando n\u00f3s a vemos no filme, est\u00e1 claramente al\u00e9m do ponto de empatia, e, portanto, da vida vic\u00e1ria.<\/p>\n<p>Quando Dora entra nos correios perto do fim do filme, onde um espectador pode assumir que finalmente teria enviado essas cartas, representa um ponto de mudan\u00e7a para sua personagem. Ela deixa as cartas seguirem, sem julgamento, sem censura. Ao mesmo tempo, est\u00e1 deixando a sua empatia e gentileza florescer<span style=\"color: #3366ff\"><strong>em<\/strong><\/span> para Josu\u00e9, abrindo o seu cora\u00e7\u00e3o fechado. A sua a\u00e7\u00e3o final, deixar Josu\u00e9, pode parecer cruel. \u00c0 primeira vista, pode se acreditar que ela fez o mesmo a Josu\u00e9 como as cartas que ela n\u00e3o gosta: jogar fora. Na verdade, ela o enviou, como as cartas nos correios, \u00e0 sua casa correta. Ele chegou no lugar onde pode escolher ser um carpinteiro, se quiser. A fam\u00edlia do Josu\u00e9 preocupa-se, e se n\u00f3s podemos acreditar na carta do pai do Josu\u00e9, o pai dele voltar\u00e1 em breve.<\/p>\n<p>Este fim n\u00e3o \u00e9 perfeitamente doce. N\u00f3s n\u00e3o sabemos se o pai voltar\u00e1, \u00e0 casa ou \u00e0 bebida. Os irm\u00e3os dele <del>est\u00e3o a viver<\/del> <span style=\"color: #3366ff\"><strong>vivem<\/strong><\/span> na casa ilegalmente, acrescentando outro elemento da incerteza da situa\u00e7\u00e3o. As pessoas que a Dora vende Josu\u00e9 ainda a tentam encontrar, e a \u00fanica amiga da Dora \u00e9 deixada para tr\u00e1s, no Rio. Se esse fosse o filme cl\u00e1ssico da viagem na estrada, estas pontas soltas seriam amarradas. Dora teria ficado com Josu\u00e9, teria-o criado como o seu filho, e eles teriam a sua felicidade para sempre. Mas com este fim entusiasmante, esta hist\u00f3ria tem valor somente superficial. S\u00f3 com a imperfei\u00e7\u00e3o, o filme se torna cr\u00edvel.<\/p>\n<p>A vida n\u00e3o \u00e9 perfeita e organizada, e este conto tamb\u00e9m n\u00e3o \u00e9. Os personagens neste filme s\u00e3o defeituosos, como n\u00f3s. Mas enquanto a hist\u00f3ria de Dora tem valor, a li\u00e7\u00e3o mais aplic\u00e1vel \u00e9 mostrada por Josu\u00e9. Dora muda, e ele aceita as suas mudan\u00e7as \u00e0 medida que elas v\u00eam. Ser\u00e1 por que \u00e9 uma crian\u00e7a, ou por que \u00e9 um humano do bom cora\u00e7\u00e3o? N\u00e3o importa. Esta hist\u00f3ria nos lembra que cada e toda pessoa tem a capacidade de mudar. \u00c9 a nossa responsabilidade encorajar e aceitar as mudan\u00e7as quando elas vierem.<\/p>\n<p>&nbsp;<\/p>\n","protected":false},"excerpt":{"rendered":"<p>Amor em Abandono por Ethan Abraham Dora veste o seu vestido, comprava comprado para ela na estrada por Josu\u00e9. Passa batom, vendo o seu reflexo na luz de uma vela. Entra no quarto na ponta dos p\u00e9s, verificando Josu\u00e9 enquanto ele dorme pacificamente. Coloca a carta da m\u00e3e morta de Josu\u00e9 no arm\u00e1rio. Ent\u00e3o, quieta &hellip; <\/p>\n<p class=\"link-more\"><a href=\"https:\/\/commons.princeton.edu\/tartarugas\/central-do-brasil\/ethan-central-do-brasil\/\" class=\"more-link\">Continue reading<span class=\"screen-reader-text\"> &#8220;Amor em Abandono&#8221;<\/span><\/a><\/p>\n","protected":false},"author":3300,"featured_media":0,"parent":219,"menu_order":1,"comment_status":"closed","ping_status":"closed","template":"","meta":{"footnotes":""},"class_list":["post-269","page","type-page","status-publish","hentry"],"_links":{"self":[{"href":"https:\/\/commons.princeton.edu\/tartarugas\/wp-json\/wp\/v2\/pages\/269","targetHints":{"allow":["GET"]}}],"collection":[{"href":"https:\/\/commons.princeton.edu\/tartarugas\/wp-json\/wp\/v2\/pages"}],"about":[{"href":"https:\/\/commons.princeton.edu\/tartarugas\/wp-json\/wp\/v2\/types\/page"}],"author":[{"embeddable":true,"href":"https:\/\/commons.princeton.edu\/tartarugas\/wp-json\/wp\/v2\/users\/3300"}],"replies":[{"embeddable":true,"href":"https:\/\/commons.princeton.edu\/tartarugas\/wp-json\/wp\/v2\/comments?post=269"}],"version-history":[{"count":7,"href":"https:\/\/commons.princeton.edu\/tartarugas\/wp-json\/wp\/v2\/pages\/269\/revisions"}],"predecessor-version":[{"id":304,"href":"https:\/\/commons.princeton.edu\/tartarugas\/wp-json\/wp\/v2\/pages\/269\/revisions\/304"}],"up":[{"embeddable":true,"href":"https:\/\/commons.princeton.edu\/tartarugas\/wp-json\/wp\/v2\/pages\/219"}],"wp:attachment":[{"href":"https:\/\/commons.princeton.edu\/tartarugas\/wp-json\/wp\/v2\/media?parent=269"}],"curies":[{"name":"wp","href":"https:\/\/api.w.org\/{rel}","templated":true}]}}