{"id":79,"date":"2020-04-02T16:05:36","date_gmt":"2020-04-02T20:05:36","guid":{"rendered":"https:\/\/commons.princeton.edu\/patagonia\/?page_id=79"},"modified":"2020-05-12T01:40:21","modified_gmt":"2020-05-12T05:40:21","slug":"kanishkh-k","status":"publish","type":"page","link":"https:\/\/commons.princeton.edu\/patagonia\/kanishkh-k\/","title":{"rendered":"Power, Politics and Maps: Role of Cartography in State-Making in the Southern Cone during the 19th Century"},"content":{"rendered":"<div class=\"wpb-content-wrapper\"><p>[vc_row][vc_column][vc_text_separator title=&#8221;Kanishkh Kanodia&#8221; title_align=&#8221;separator_align_left&#8221;][\/vc_column][\/vc_row][vc_row][vc_column width=&#8221;2\/5&#8243;][vc_column_text]<strong>This essay talks about how maps were politically used in\u00a0appropriating Patagonia as part of the nation-states of Argentina and Chile in the 19th Century.<\/strong>[\/vc_column_text][vc_empty_space height=&#8221;16px&#8221;][vc_column_text]During the 19<sup>th<\/sup> century, Patagonia had become the locus of overlapping expansionist desires of Argentina and Chile as both nations scrambled to consolidate their states post-independence which had evaded Spanish colonialism. However, since neither nation had a titular authority over the \u2018empty spaces\u2019 of Patagonia, each had to uphold the legitimacy of their claim via historical and cartographical proofs. This connection between diplomacy and the geopolitics of excavation and production of knowledge prompted the patronage of state-led expeditions into the unchartered territories of Patagonia and the archives of Europe. This was done with the aim of turning Patagonia into a more recognizable land that can be claimed as an imagined community of both Argentina and Chile.<\/p>\n<p><a href=\"\/\/5559E55B-E3ED-4CC1-8902-BEAF66F36084#_ftnref1\" name=\"_ftn1\"><\/a>[\/vc_column_text][\/vc_column][vc_column width=&#8221;3\/5&#8243;][vc_single_image image=&#8221;876&#8243; img_size=&#8221;full&#8221; add_caption=&#8221;yes&#8221;][\/vc_column][\/vc_row][vc_row][vc_column][vc_column_text]The explosion of science and knowledge resulted in an effervescence of maps as political tools for assimilating the region as part of the nation-state of Argentina or Chile. Leuenberger and Schnell argue that maps \u201cdo not reveal, but produce reality \u2026 entailing a shift from ontology (how things are) to ontogenesis (how things become)\u201d. This is done by selectively demarcating spaces and using varying cartographical details to establish a spatial hierarchy over a territory. Therefore, maps should be looked as \u201csocially produced texts\u201d through a lens of who made them, when were they made and what purpose they served. Maps of Patagonia served this purpose as a tool for colonising the mind in the years leading up to and following the signing of the Border Arbitration Treaty of 1881 between Argentina and Chile.[\/vc_column_text][vc_custom_heading text=&#8221;Visual Representation of Patagonia&#8221; font_container=&#8221;tag:h6|text_align:left&#8221;][\/vc_column][\/vc_row][vc_row][vc_column][vc_column_text]In the years following independence, no boundary dispute ensued between Argentina and Chile. Even though the Chilean constitution of 1833 extended Chilean boundaries to Cape Horn in the south and the Andes cordillera in the east, Chile was mostly concerned about securing its northern borders. Argentina was mired in its own civil wars that were causing a political fragmentation of the nation.<\/p>\n<p>&nbsp;<\/p>\n<p>The border dispute began in 1843, when Chile found its own settlement of Fort Bulnes on the Brunswick Peninsula in an attempt to establish its authority over the Strait of Magellan and the adjoining Patagonia. Chile\u2019s shifting motivation was due to the advent of steam navigation in the Southern Cone in 1840 when two steamships from the Pacific Steamship Navigation Company passed through the Strait instead of going around the Cape of Horn, heightening the economic and strategic value of the Strait. However, Argentina, protested Chile\u2019s settlement because control over Patagonian pampas presented the prospect of massive wealth, horses and loot for the nation. In reality, however, neither nation had any real settlement in Patagonia. By 1840, the limit of Argentinean jurisdiction was the settlement of Carmes des Patagones on the Rio Negro. Fort Bulnes only had 202 souls by 1861; in fact, it was a penal colony, which Perry argues was a \u201cweak foundation for an instrument of empire\u201d. At the same time, the Southward expansion by both\u00a0nations was hindered by the continued strength of the indigenous communities, creating a \u201cno-man\u2019s land\u201d in Patagonia, the northern limits of which \u201ccoincided with the limits of Chilean claim over Patagonia\u201d. Furthermore, both nations lacked a comprehensive understanding of the topography of the inner regions of Patagonia. Even though the coastal areas had been mapped extensively by hydrographic surveys carried out by European expeditions, the understanding of the cordillera or the valleys was still inadequate. Maps reflected this gap between the Argentinean and Chilean claim vis-\u00e0-vis their actual authority on ground.<\/p>\n<p><a href=\"\/\/983888D6-2493-4A94-8623-BD1B769B502E#_ftnref1\" name=\"_ftn1\"><\/a><\/p>\n<p><a href=\"\/\/F0260886-C4DD-4906-9227-8C4EBC7BF4C2#_ftnref1\" name=\"_ftn1\"><\/a>[\/vc_column_text][vc_single_image image=&#8221;342&#8243; img_size=&#8221;full&#8221; add_caption=&#8221;yes&#8221;][vc_column_text]In the maps produced in the West before 1856, the entirety of Patagonia \u2013 including Tierra del Fuego and Brunswick Peninsula- is depicted to be independent. The extent of Argentina\u2019s territory ceases at Rio Negro, while Chilean territory roughly extends to Rio Coique (including the island of Chiloe). Moreover, there is no mention of the settlement of Punta Arenas; however, the Argentinean settlement of \u2018Carmen\u2019 on the mouth of Rio Negro is recognized. Another striking feature is the contrast of the details of the topographical features \u2013 rivers, mountain slopes, and other landforms- between Patagonian inlands (roughly below 40\u00b0 latitude) and the rest of the subcontinent. The maps complement the literature on the emptiness of Patagonia, demarcating them as void lands waiting to be populated. Moreover, Argentina and Chile relied on European cartographers due to the dearth of cartography on the subcontinent. Therefore, mapping became an important tool in shaping the socio-territorial process of colonising the \u2018empty space\u2019 and proving the supremacy of their claim. Subsequently, both nations began to sponsor historical research and expeditions that would compile archival, cartographic and documentary evidence to appropriate Patagonian territory in their nation-state.[\/vc_column_text][\/vc_column][\/vc_row][vc_row][vc_column][vc_column_text]From 1823, the Chilean government began to commission foreign nationals to carry out scientific mapping of Chilean territory. Of these, the most consequential studies were produced by Claudio Gay, a French naturalist. Gay published a multi-voluminous <em>\u2018<\/em><em>Historia f\u00edsica y pol\u00edtica de Chile\u2019 <\/em>in 1854, which had a map that showcased Magellan strait and adjacent areas as part of Chile\u2019s sovereign \u00a0territory. These set of atlases, regarded as the first national cartographic survey of Chile, used cartographic language to transform the sovereignty of these areas. The Chilean government also commissioned navy officers \u2013 including Don Francisco Vidal Gormaz and Don Enrique Simpson- to explore chart and the West Patagonian littoral. With a similar mission, the Argentinean government hired a French naturalist Martin de Moussay, who published \u2018<em>D\u00e9scription geographique et \u00a0statistique de l&#8217;Argentine<\/em>\u2019 in 1865.The maps in this atlas showed Patagonia as an Argentinean territory; in fact, in the legend, the cartographer explicitly wrote: \u201cThere exists no other points of habitation in Patagonia than Carmen [des Patagones] and the Chilean Colony of Punta Arenas\u201d (translated from French). Interestingly, even though in 1852 Argentina had commissioned the research by Pedreo de Angelis which refuted Chile\u2019s claim over the Strait and Tierra del Fuego, the map by Moussay recognizes the Chilean settlement. However, the acknowledgment of the settlement need not be seen as a concession of sovereignty; in fact, by 1860s Argentinean claim over Patagonia was becoming more insistent as its internal political turmoil was settling. \u00a0Moussay, however, had never been to Patagonia himself; in fact, Francisco Moreno and Ram\u00f3n Lista had carried out the most extensive geographic survey of Patagonia for Argentina by traversing the territory in their own expeditions. But even their surveys were unable to penetrate into the \u201cinterior and Western ranges of the cordillera\u201d. Nevertheless, the boundary dispute promoted extensive topographical surveys of the previously unchartered territories of Patagonia that produced a conceptual and technical understanding to appropriate Patagonia.[\/vc_column_text][\/vc_column][\/vc_row][vc_row][vc_column width=&#8221;1\/2&#8243;][vc_single_image image=&#8221;339&#8243; img_size=&#8221;full&#8221; add_caption=&#8221;yes&#8221;][\/vc_column][vc_column width=&#8221;1\/2&#8243;][vc_empty_space][vc_single_image image=&#8221;344&#8243; img_size=&#8221;full&#8221; add_caption=&#8221;yes&#8221;][\/vc_column][\/vc_row][vc_row][vc_column][vc_column_text]To buttress the voluminous production of scientific information, both nations created their own geographical societies which synthesized the scientific with the legal. In 1873, Chile established its own hydrographic body that mapped the complex archipelago beyond the island of Chiloe. The same year, Foreign Minister Ib\u00e1\u00f1ez appointed the Chilean Minister to France, Carlos Vicu\u00f1a, to investigate the French and Spanish archives and uncover details of their colonial past to strengthen their claim. Argentina appointed Mariano Balcarce to carry out the same task. In fact, Argentinean government created the Military Geographical Institute and the Argentine Geographical Institute in 1879 to survey the lands of Patagonia, amalgamate the cartographic knowledge with the historical one and contribute to the argumentative support of Argentina<\/p>\n<p><a href=\"\/\/D0E13739-2BDE-45CA-B9EF-329E7B95D79B#_ftnref1\" name=\"_ftn1\"><\/a>[\/vc_column_text][\/vc_column][\/vc_row][vc_row][vc_column width=&#8221;2\/3&#8243;][vc_column_text]Furthermore, the explosion of knowledge was accompanied by the expansion of their actual presence on the land. By 1870s, Chile had taken possession of the eastern slopes of the Andes, which were separated from Argentinean influence by the pampas and the belligerent Indians. In fact, in the N\u00e9quen Valley Chileans had established their own ranches called \u201cChilecitos\u201d, through which it established strong inter-Andean cattle trade links with the Araucanians, thereby controlling the pampas by exerting influence over its inhabitants. Meanwhile, Argentina extended its authority till Rio Chubut with the establishment of the Welsh colony of Rawson in 1865, the inhabitants of which used Argentinean flags and negotiated extensively with the government in Buenos Aires. Not only did the Welsh inhabitants developed links with the indigenous populations but they also extensively mapped areas of the Chubut Province for the Argentinean government. Furthermore, Argentina also launched a military expedition in 1870s to terminate the threat of the Indians and conquer the land. The campaign itself was designed by the geographer Estanislao Zeaballos and included some prominent Argentinean cartographers.<\/p>\n<p>&nbsp;<\/p>\n<p>These geographic-military expeditions not only marked their physical presence in Patagonia, but also purposefully \u201cre-baptized\u201d the lands by changing the existing toponyms of the landforms. If one were to compare the maps of Moussay (Figure 3) with that of Moreno (1899), it is discernible that not only have the new lakes taken the names of Argentinian Ministers but the existing one had also been renames. An example of Lake Buenos Aires, the largest lake in Patagonia, can be instructive in substantiating this point. In the maps before 1873, the lake is referred to as Lake Colu-guape which is an Araucanian term formed from \u201ccolu\u201d (earth of brown or reddish colour) and \u201chuap\u00ed\u201d (island). However, post-1873, after expeditions led by Moreno and Luis Fortana breached the area the lake became Lake Buenos Aires. Floria also highlights similar processes in the naming of Lake Cinterr and Sierra Zeballos. This act of deliberate renaming and naming of new places after Argentinians presents the discoveries as the conquering of novel uninhabited lands, justifying the expansion of the nation-state under a positivist notion of progress in this rich region. Furthermore, by imposing Argentinian history through an erasure of the indigenous one, it becomes an act of cultural colonisation.<\/p>\n<p><a href=\"\/\/30558218-96FD-4CB0-BB9B-32C5881E39A7#_ftnref1\" name=\"_ftn1\"><\/a><\/p>\n<p><a href=\"\/\/27AEE010-2990-486C-9EBF-C28EA13F7F24#_ftnref1\" name=\"_ftn1\"><\/a>[\/vc_column_text][\/vc_column][vc_column width=&#8221;1\/3&#8243;][vc_empty_space height=&#8221;80px&#8221;][vc_single_image image=&#8221;346&#8243; img_size=&#8221;full&#8221; add_caption=&#8221;yes&#8221;][\/vc_column][\/vc_row][vc_row][vc_column][vc_column_text]<\/p>\n<p>This dynamism of the occupations and military missions on the ground was reflected in the wavering diplomatic demands of Chile and Argentina. In the first diplomatic mission of 1865, Chile would only claim Tierra del Fuego, Magellan Strait and parts of Patagonia for itself; however, by 1871, Foreign Minister Ib\u00e1\u00f1ez staked authority over the entirety of Patagonia, extending till the Atlantic Ocean.In 1875, Chile revised its claim only till Rio Gallegos and in the 1878 Feirro-Sarratea Treaty, it agreed to exercise jurisdiction in the Strait, relinquishing its Atlantic Claim. The inconsistent demands were greatly influenced by the geo-political events of the continent, such as the Paraguayan War and War in the Pacific and the individual whims of the Foreign Ministries on both sides. As a result, the Western maps of these decades do not present a coherent narrative of who possessed Patagonia. Few still showed Patagonia to be a \u2018no-man\u2019s land\u2019; others recognized the Western Patagonian littorals (extending till Tierra del Fuego) as part of Chile; some depicted entire <span lang=\"EN-GB\">Patagonia to be under Chile; and others displayed Patagonia as a part of both nations without any clear land boundary through the Andes. While one could question the influence of these maps in the actual negotiations and policymaking, they are nonetheless reflective of the evolving and complex geo-political situation on the ground. Meanwhile, Argentinian and Chilean authorities continued with their cartographical explorations. <\/span>[\/vc_column_text][vc_single_image image=&#8221;458&#8243; img_size=&#8221;full&#8221; add_caption=&#8221;yes&#8221;][\/vc_column][\/vc_row][vc_row][vc_column width=&#8221;1\/2&#8243;][vc_single_image image=&#8221;459&#8243; img_size=&#8221;full&#8221; add_caption=&#8221;yes&#8221;][\/vc_column][vc_column width=&#8221;1\/2&#8243;][vc_empty_space height=&#8221;64 px&#8221;][vc_single_image image=&#8221;460&#8243; img_size=&#8221;full&#8221; add_caption=&#8221;yes&#8221;][\/vc_column][\/vc_row][vc_row][vc_column][vc_column_text]Ultimately, after its brutal military expansion into Patagonia in April 1879, called \u2018Conquest of the Desert\u2019, Argentina had formally extended its frontier to Rio Negro and Rio N\u00e9quen spanning across the pampas and the eastern slopes of the Andean cordillera, severing the Chilean-Indian links and claiming supremacy in the pampas. This led to the Border Arbitration Treaty of 1881, which granted \u00a0entire Eastern Patagonia to Argentina and the Strait to Chile. All maps post-1881, including the official ones sponsored by Chilean and Argentinian governments, reflected this change; however, they still greatly differed in the demarcations of the Andean land boundary between Argentina and Chile.[\/vc_column_text][vc_single_image image=&#8221;461&#8243; img_size=&#8221;full&#8221; add_caption=&#8221;yes&#8221;][\/vc_column][\/vc_row][vc_row][vc_column width=&#8221;3\/5&#8243;][vc_single_image image=&#8221;463&#8243; img_size=&#8221;full&#8221; add_caption=&#8221;yes&#8221;][\/vc_column][vc_column width=&#8221;2\/5&#8243;][vc_single_image image=&#8221;462&#8243; img_size=&#8221;full&#8221;][\/vc_column][\/vc_row][vc_row][vc_column width=&#8221;1\/2&#8243;][vc_single_image image=&#8221;347&#8243; img_size=&#8221;full&#8221; add_caption=&#8221;yes&#8221;][vc_single_image image=&#8221;348&#8243; img_size=&#8221;full&#8221; add_caption=&#8221;yes&#8221;][\/vc_column][vc_column width=&#8221;1\/2&#8243;][vc_empty_space height=&#8221;64 px&#8221;][vc_column_text]The Treaty sought to demarcate the land boundary according to the \u201cmost lofty peaks that divide the waters\u201d based on the assumption that the highest peaks mark the watershed. However, in Patagonia, the drainage patters are more complex due to the influence of glaciers and subterranean water reserves; thus, as detailed knowledge of the region grew, policy-makers realised the blunder of their assumption. As a result, when both nations actually began to demarcate the lands beyond the 40<sup>th<\/sup> parallel, Argentina realised that it would benefit if the boundary is drawn with the highest peaks, whereas Chile would profit if the line was drawn based on the drainage patterns. The two maps give a detailed narrative of the demands of each nation between the 40\u00b0 and 52\u00b0 latitudes. Moreover, division of Tierra del Fuego proved to contentious since the Andes shift their orientation at that latitude, making the prospect of a land boundary along them to be meagre. The epistemological bodies and forces on both sides of the border mobilized more decisively to settle the object of the dispute to their favour. Being unable to do so amicably, they referred to King Edward VII of Britain to arbitrate, which resulted in the signing of the Pacts of May in 1902, and settled the dispute, only temporarily.<\/p>\n<p>[\/vc_column_text][vc_custom_heading text=&#8221;Conclusion&#8221; font_container=&#8221;tag:h6|text_align:left&#8221;][vc_column_text]During the late 19<sup>th<\/sup> century, maps became an important tool in changing the spatial-territorial imagination of Patagonia. The explosion of scientific, topographic and archival knowledge was synthesized and presented via maps by Argentina and Chile in an effort to make the \u2018empty spaces\u2019 of Patagonia more identifiable and definite for their nation-state. However, due to the underdeveloped indigenous organisations, they often had to rely on maps produced in Europe and America to stake their claim over Patagonia. This was accompanied by a series of tense diplomatic and brutal militaristic efforts that culminated in 1881 with the signing of the Broder Arbitration Treaty. The Treaty marked the end of indigenous claim over Patagonia, appropriating the \u2018no-man\u2019s land\u2019 into the Argentinian and Chilean nation-state. Despite the temporary settlement, the lack of topographical knowledge of the Andean cordillera ensued the conflict for another two decades. However, any settlement over Patagonia can only be a minor interim in the struggle over territory. Soon, the two nations got embroiled in a power-struggle over the division of the Beagle Channel. Till date, parts of Patagonia, such as the South Patagonian Ice Field, remain uncharted and disputed. Even the advances of the 21<sup>st<\/sup> century have been unable to master the Patagonian geography.[\/vc_column_text][\/vc_column][\/vc_row][vc_row][vc_column][vc_custom_heading text=&#8221;Further Readings&#8221; font_container=&#8221;tag:h6|text_align:left&#8221;][\/vc_column][\/vc_row][vc_row][vc_column][vc_column_text]<u>Primary Sources<\/u><\/p>\n<p>Moreno, Francisco P. \u201cExplorations in Patagonia.\u201d\u00a0<em>The Geographical Journal <\/em>14, no. 3 (September 1899): 241\u201369. https:\/\/www.jstor.org\/stable\/1774365.<\/p>\n<p>Moreno, Francisco P. \u201cThe Chile-Argentine Arbitration.\u201d\u00a0<em>The Geographical Journal \u00a0<\/em>21, no. 1 (January 1903): 45\u201350. http:\/\/www.jstor.org\/stable\/1775286.<\/p>\n<p>Moussay, Martin de.\u00a0<em>Description G\u00e9ographique Et Statistique De La Conf\u00e9d\u00e9ration Argentine [Material Cartogr\u00e1fico] : Atlas<\/em>, n.d. http:\/\/bdh.bne.es\/bnesearch\/biblioteca\/Description g\u00e9ographique et statistique de la Conf\u00e9d\u00e9ration Argentine : Atlas\/qls\/Moussy, V. Martin de\/qls\/bdh0000000379;jsessionid=160960D500B082B4482E2B05E454CD0A<\/p>\n<p>Steffen, Hans. \u201cThe Patagonian Cordillera and Its Main Rivers, between 41\u00b0 and 48\u00b0 South Latitude.\u201d\u00a0<em>The Geographical Journal <\/em>16, no. 1 (July 1900): 14\u201338. https:\/\/www.jstor.org\/stable\/1774297.<\/p>\n<p>&nbsp;<\/p>\n<p><u>Secondary Sources <\/u><\/p>\n<p>Bowen, E. G. \u201cThe Welsh Colony in Patagonia 1865-1885: A Study in Historical Geography.\u201d\u00a0<em>The Geographical Journal <\/em>132, no. 1 (March 1966): 16\u201327. https:\/\/www.jstor.org\/stable\/1793048.<\/p>\n<p>Dodds, Klaus-John. \u201cGeopolitics, Cartography and the State in South America.\u201d\u00a0<em>Political Geography\u00a0<\/em>12, no. 4 (July 1993): 361\u201381.<\/p>\n<p>Estefane, Andr\u00e9s. \u201cImperial Uncertainties and Republican Conflicts Archives, Diplomacy, and Historiography in Nineteenth-Century Chile.\u201d\u00a0<em>Early American Studies: An Interdisciplinary Journal <\/em>11, no. 1 (2013): 192\u2013207. https:\/\/doi.org\/10.1353\/eam.2013.0005.<\/p>\n<p>Floria, Pedro Navarro. \u201cLandscapes of an Uncertain Progress: Northern Patagonia in Argentine Scientific Journals (1876\u20131909).\u201d\u00a0<em>Journal of Latin American Cultural Studies: Travesia <\/em>16, no. 3 (November 9, 2007): 261\u201383. https:\/\/doi.org\/http:\/\/dx.doi.org\/10.1080\/13569320701682476.<\/p>\n<p>\u201cLa Hidrograf\u00eda En Chile &#8211; Memoria Chilena.\u201d Memoria Chilena: Portal, n.d. http:\/\/www.memoriachilena.gob.cl\/602\/w3-article-100648.html.<\/p>\n<p>Leuenberger, Christine, and Izhak Schnell. \u201cThe Politics of Maps: Constructing National Territories in Israel.\u201d\u00a0<em>Social Studies of Science <\/em>40, no. 6 (December 2010): 803\u201342. https:\/\/www.jstor.org\/stable\/40997773.<\/p>\n<p>Melo, Walter, Facundo Scordo, Gerardo Perillo, and Maria Piccolo. \u201cIdentification of the \u2018Coluguape\u2019 Lake in Historical Cartography (1775-1898): Its Connection to the Buenos Aires-General Carrera Lake and Musters-Colhu\u00e9 Huapi Lake System.\u201d\u00a0<em>Magallania<\/em>, January 2017. https:\/\/www.researchgate.net\/publication\/318323761.<\/p>\n<p>\u201cMemoria Chilena.\u201d Representaciones cartogr\u00e1ficas de Chile durante el siglo XIX &#8211; Memoria Chilena, Biblioteca Nacional de Chile, n.d. http:\/\/www.memoriachilena.gob.cl\/602\/w3-article-582424.html.<\/p>\n<p>Perry, Richard O. \u201cArgentina and Chile: The Struggle for Patagonia 1843-1881.\u201d\u00a0<em>The Americas <\/em>36, no. 3 (January 1980): 347\u201363. https:\/\/www.jstor.org\/stable\/981291.<\/p>\n<p>Rauch, George v.\u00a0<em>Conflict in the Southern Cone: The Argentine Military and the Boundary Dispute with Chile, 1870-1902<\/em>. Westport, CT: Praeger, 1999.<\/p>\n<p>Wilcox, Marrian. \u201cArgentine Patagonia: A Land of the Future.\u201d\u00a0<em>Bulletin of the American Geographical Society <\/em>42, no. 12 (1910): 903\u20139. http:\/\/www.jstor.org\/stable\/200312.[\/vc_column_text][\/vc_column][\/vc_row][vc_row][vc_column][\/vc_column][\/vc_row]<\/p>\n<\/div>","protected":false},"excerpt":{"rendered":"<p>[vc_row][vc_column][vc_text_separator title=&#8221;Kanishkh Kanodia&#8221; title_align=&#8221;separator_align_left&#8221;][\/vc_column][\/vc_row][vc_row][vc_column width=&#8221;2\/5&#8243;][vc_column_text]This essay talks about how maps were politically used in\u00a0appropriating Patagonia [&hellip;]<\/p>\n","protected":false},"author":6,"featured_media":874,"parent":0,"menu_order":0,"comment_status":"closed","ping_status":"closed","template":"","meta":{"footnotes":""},"class_list":["post-79","page","type-page","status-publish","has-post-thumbnail","hentry"],"_links":{"self":[{"href":"https:\/\/commons.princeton.edu\/patagonia\/wp-json\/wp\/v2\/pages\/79","targetHints":{"allow":["GET"]}}],"collection":[{"href":"https:\/\/commons.princeton.edu\/patagonia\/wp-json\/wp\/v2\/pages"}],"about":[{"href":"https:\/\/commons.princeton.edu\/patagonia\/wp-json\/wp\/v2\/types\/page"}],"author":[{"embeddable":true,"href":"https:\/\/commons.princeton.edu\/patagonia\/wp-json\/wp\/v2\/users\/6"}],"replies":[{"embeddable":true,"href":"https:\/\/commons.princeton.edu\/patagonia\/wp-json\/wp\/v2\/comments?post=79"}],"version-history":[{"count":20,"href":"https:\/\/commons.princeton.edu\/patagonia\/wp-json\/wp\/v2\/pages\/79\/revisions"}],"predecessor-version":[{"id":877,"href":"https:\/\/commons.princeton.edu\/patagonia\/wp-json\/wp\/v2\/pages\/79\/revisions\/877"}],"wp:featuredmedia":[{"embeddable":true,"href":"https:\/\/commons.princeton.edu\/patagonia\/wp-json\/wp\/v2\/media\/874"}],"wp:attachment":[{"href":"https:\/\/commons.princeton.edu\/patagonia\/wp-json\/wp\/v2\/media?parent=79"}],"curies":[{"name":"wp","href":"https:\/\/api.w.org\/{rel}","templated":true}]}}