{"id":617,"date":"2023-05-24T17:03:56","date_gmt":"2023-05-24T21:03:56","guid":{"rendered":"https:\/\/commons.princeton.edu\/makingvikings\/?page_id=617"},"modified":"2023-07-10T13:29:21","modified_gmt":"2023-07-10T17:29:21","slug":"indigenization-dirham-pendants-from-tuna","status":"publish","type":"page","link":"https:\/\/commons.princeton.edu\/makingvikings\/indigenization\/indigenization-dirham-pendants-from-tuna\/","title":{"rendered":"Indigenization: Dirham Pendants from Tuna"},"content":{"rendered":"<p>Silver dirhams were not exclusively brought in by way of trade with the Middle East and Central Asia but were produced within the Viking world as well. These were far from exact replicas of the originals but were made with silver and contained pseudo-Arabic writing. One example would be a series of fourteen faux dirhams found in the grave of a woman buried in a boat grave in Tuna, Badelunda in modern Sweden.<sup><a id=\"note1\" href=\"#fn1\">1<\/a><\/sup> These seem to have been made by the Vikings themselves although specifically in imitation of the silver dirhams that were simultaneously coming into the Viking world through trade with the Middle East and Central Asia. We can infer this based on the pseudo-Arabic script on the coins which sometimes contains writing that is illegible or gibberish but also, occasionally, actual Arabic words, such as the word <em>bakh<\/em>, which in early Islamic coins referred to the coin being \u201cfirst-class.\u201d<\/p>\n<div id=\"attachment_618\" style=\"width: 1034px\" class=\"wp-caption aligncenter\"><a href=\"https:\/\/commons.princeton.edu\/makingvikings\/wp-content\/uploads\/sites\/359\/2023\/05\/Tuna-i-Badelunda-SE-Grave-75-Pendant.jpg\"><img loading=\"lazy\" decoding=\"async\" aria-describedby=\"caption-attachment-618\" class=\"size-full wp-image-618\" src=\"https:\/\/commons.princeton.edu\/makingvikings\/wp-content\/uploads\/sites\/359\/2023\/05\/Tuna-i-Badelunda-SE-Grave-75-Pendant.jpg\" alt=\"\" width=\"1024\" height=\"768\" srcset=\"https:\/\/commons.princeton.edu\/makingvikings\/wp-content\/uploads\/sites\/359\/2023\/05\/Tuna-i-Badelunda-SE-Grave-75-Pendant.jpg 1024w, https:\/\/commons.princeton.edu\/makingvikings\/wp-content\/uploads\/sites\/359\/2023\/05\/Tuna-i-Badelunda-SE-Grave-75-Pendant-300x225.jpg 300w, https:\/\/commons.princeton.edu\/makingvikings\/wp-content\/uploads\/sites\/359\/2023\/05\/Tuna-i-Badelunda-SE-Grave-75-Pendant-768x576.jpg 768w, https:\/\/commons.princeton.edu\/makingvikings\/wp-content\/uploads\/sites\/359\/2023\/05\/Tuna-i-Badelunda-SE-Grave-75-Pendant-676x507.jpg 676w\" sizes=\"auto, (max-width: 1024px) 100vw, 1024px\" \/><\/a><p id=\"caption-attachment-618\" class=\"wp-caption-text\">Pendant from Grave 75 at Tuna i Badelunda, SE.<br \/>One-sided dirham impression in silver.<br \/>(source: M Delvaux)<\/p><\/div>\n<p>There is a wide variety in the quality of faux Arabic script on these pseudo-Arabic coins. For one of the coins found at Tuna, the script is convincing enough that it looks like Arabic to the untrained eye. Indeed, despite the fact that these coins were usually struck by people with no knowledge of Arabic script, they often did have certain words correct, such as the aforementioned <em>bakh<\/em>. These coins do exhibit some other differences beyond their script. The Samanid dirhams, such as those found on the Isle of Skye, usually had writing all around the face of the coin. The Tuna coin, instead, has a very substantial decorative rim pattern around the coin. This could perhaps be due to curved Arabic script being more difficult to replicate than the more straight-lined writing positioned in the center.<\/p>\n<p>In his article on Islamic coins at Kaupang in modern Norway, Kilger seeks to interpret and contextualize the Islamic coins found there which are unique in that, compared to the rest of Scandinavia where Samanid coins are predominant, Abbasid coins are far more common by a large margin in Kaupang.<sup><a id=\"note2\" href=\"#fn2\">2<\/a><\/sup> To explain this, Kilger analyzes Viking deposits beyond Scandinavia in regions such as the Caucasus, Russia, and the Baltic Coast to determine shifts in the intra-Viking trade in Islamic coins over time. He suggests that Kaupang was once an early Viking center when Abbasid coins were in circulation and specialized in the handling of silver and reshaping it, forming it into weights or ingots. However, it eventually declined in prominence during the 10th century CE, by which time Samanid silver had come to dominate.<\/p>\n<div id=\"attachment_619\" style=\"width: 1742px\" class=\"wp-caption aligncenter\"><a href=\"https:\/\/commons.princeton.edu\/makingvikings\/wp-content\/uploads\/sites\/359\/2023\/05\/Pusi-Counterfeit.jpg\"><img loading=\"lazy\" decoding=\"async\" aria-describedby=\"caption-attachment-619\" class=\"size-full wp-image-619\" src=\"https:\/\/commons.princeton.edu\/makingvikings\/wp-content\/uploads\/sites\/359\/2023\/05\/Pusi-Counterfeit.jpg\" alt=\"\" width=\"1732\" height=\"1040\" srcset=\"https:\/\/commons.princeton.edu\/makingvikings\/wp-content\/uploads\/sites\/359\/2023\/05\/Pusi-Counterfeit.jpg 1732w, https:\/\/commons.princeton.edu\/makingvikings\/wp-content\/uploads\/sites\/359\/2023\/05\/Pusi-Counterfeit-300x180.jpg 300w, https:\/\/commons.princeton.edu\/makingvikings\/wp-content\/uploads\/sites\/359\/2023\/05\/Pusi-Counterfeit-1024x615.jpg 1024w, https:\/\/commons.princeton.edu\/makingvikings\/wp-content\/uploads\/sites\/359\/2023\/05\/Pusi-Counterfeit-768x461.jpg 768w, https:\/\/commons.princeton.edu\/makingvikings\/wp-content\/uploads\/sites\/359\/2023\/05\/Pusi-Counterfeit-1536x922.jpg 1536w, https:\/\/commons.princeton.edu\/makingvikings\/wp-content\/uploads\/sites\/359\/2023\/05\/Pusi-Counterfeit-676x406.jpg 676w\" sizes=\"auto, (max-width: 1732px) 100vw, 1732px\" \/><\/a><p id=\"caption-attachment-619\" class=\"wp-caption-text\">Counterfeit dirham from hoard at Pusi, Estonia.<br \/>Two pieces of pressed silver, 1.24 g.<br \/>(source: <a href=\"https:\/\/www.arheoloogia.ee\/ave2020\/AVE2020_07_Leimus.jt_Pusi.pdf\">Leimus et al.,<\/a> pdf)<\/p><\/div>\n<p>Through Kilger\u2019s article, we get a better understanding that the Viking Age was not a monolith of groups but a very diverse, and sometimes disparate, set of people who engaged in their own interactions. Although culturally interconnected as well as through trade in their shared use of emporia like Hedeby and Ribe, this did not cause a uniform social or economic culture to be formed across Scandinavia and the greater Viking world. Furthermore, these interactions changed over time as we see through the rise and fall of Kaupang entirely within the Viking Age.<\/p>\n<p>We also get an idea that the trade in Islamic silver was as much a trade between Vikings as it was between Vikings and the Islamic world. The widespread distribution of Islamic silver across regions such as the Caucasus, Eastern Europe, and Scandinavia suggests an economic life for Islamic silver well after its production and entry into the Viking world.<\/p>\n<div id=\"attachment_620\" style=\"width: 1028px\" class=\"wp-caption aligncenter\"><a href=\"https:\/\/commons.princeton.edu\/makingvikings\/wp-content\/uploads\/sites\/359\/2023\/05\/Khazar-Coin.jpg\"><img loading=\"lazy\" decoding=\"async\" aria-describedby=\"caption-attachment-620\" class=\"size-full wp-image-620\" src=\"https:\/\/commons.princeton.edu\/makingvikings\/wp-content\/uploads\/sites\/359\/2023\/05\/Khazar-Coin.jpg\" alt=\"\" width=\"1018\" height=\"1003\" srcset=\"https:\/\/commons.princeton.edu\/makingvikings\/wp-content\/uploads\/sites\/359\/2023\/05\/Khazar-Coin.jpg 1018w, https:\/\/commons.princeton.edu\/makingvikings\/wp-content\/uploads\/sites\/359\/2023\/05\/Khazar-Coin-300x296.jpg 300w, https:\/\/commons.princeton.edu\/makingvikings\/wp-content\/uploads\/sites\/359\/2023\/05\/Khazar-Coin-768x757.jpg 768w, https:\/\/commons.princeton.edu\/makingvikings\/wp-content\/uploads\/sites\/359\/2023\/05\/Khazar-Coin-676x666.jpg 676w\" sizes=\"auto, (max-width: 1018px) 100vw, 1018px\" \/><\/a><p id=\"caption-attachment-620\" class=\"wp-caption-text\">Khazar imitation dirham inscribed &#8220;Moses is the Messenger of God.&#8221;<br \/>Specimen recovered from hoard at Spillings, SE.<br \/>Minted Khazaria, ca. 800.<br \/>(source: <a href=\"https:\/\/commons.wikimedia.org\/wiki\/File:Khazar_coin_Spillings_Hoard.jpg\">Wikimedia<\/a>)<\/p><\/div>\n<p>How does this relate to the dirham copies that we say in places like Tuna? I would argue that\u2019s in the way that the Islamic silver had itself become a part of Viking culture. We know that the dirhams imported from the Islamic world were traded in their original form as well as melted down into ingots or manufactured into weights and jewelry. However, we know that some of this silver must\u2019ve been reshaped into faux dirhams, suggesting that Islamic coins had a cultural value and significance in the Viking world beyond simply as coins or sources of silver. The faux dirham at Tuna, for example, was found as part of a woman\u2019s set of beads alongside fourteen other replicas. As compared to the ring with \u201cFor\/to God\u201d inscribed on it, which I remain unsure as to what sort of cultural or significance it would\u2019ve held beyond its aesthetic value, we can be certain that Islamic coins had become a desirable product with a reputation in their own right within the Viking world. In such a way, both Islamic coins and their replicas became indigenized as Viking goods, with the latter possibly emerging as a cheaper or lower-quality version of the former.<\/p>\n<hr \/>\n<p><sup><a id=\"fn1\" href=\"#note1\">1<\/a><\/sup> Erik Nyl\u00e9n and Bengt Sch\u00f6nb\u00e4ck, <em>Tuna i Badelunda. Guld, kvinnor, b\u00e5tar<\/em> (Uppsala: Almqvist and Wiksell, 1994): I:58\u201363.<\/p>\n<p><sup><a id=\"fn2\" href=\"#note2\">2<\/a><\/sup> Christoph Kilger, \u201cKaupang from Afar: Aspects of the Interpretation of Dirham Finds in Northern and Eastern Europe between the Late 8th and Early 10th Centuries,\u201d in <em>Means of Exchange: Dealing with Silver in the Viking Age<\/em>, ed. Dagfinn Skre (Aarhus: Aarhus University Press, 2008), 199\u2013252.<\/p>\n<p style=\"text-align: center\"><a href=\"https:\/\/commons.princeton.edu\/makingvikings\/indigenization\/indigenization-storr-rock-dirhams\/\">\u00ab Previous<\/a> | <a href=\"https:\/\/commons.princeton.edu\/makingvikings\/indigenization\/\">Home<\/a> | <a href=\"https:\/\/commons.princeton.edu\/makingvikings\/indigenization\/indigenization-the-oseberg-silk\/\">Next \u00bb<\/a><\/p>\n","protected":false},"excerpt":{"rendered":"<p>Silver dirhams were not exclusively brought in by way of trade with the Middle East and Central Asia but were produced within the Viking world as well. These were far from exact replicas of the originals but were made with silver and contained pseudo-Arabic writing. One example would be a series of fourteen faux dirhams<\/p>\n<p><a class=\"more-link\" href=\"https:\/\/commons.princeton.edu\/makingvikings\/indigenization\/indigenization-dirham-pendants-from-tuna\/\">Continue Reading<\/a><\/p>\n","protected":false},"author":4492,"featured_media":0,"parent":518,"menu_order":3,"comment_status":"closed","ping_status":"closed","template":"template-nosidebar.php","meta":{"footnotes":""},"class_list":["post-617","page","type-page","status-publish","hentry","post-preview"],"_links":{"self":[{"href":"https:\/\/commons.princeton.edu\/makingvikings\/wp-json\/wp\/v2\/pages\/617","targetHints":{"allow":["GET"]}}],"collection":[{"href":"https:\/\/commons.princeton.edu\/makingvikings\/wp-json\/wp\/v2\/pages"}],"about":[{"href":"https:\/\/commons.princeton.edu\/makingvikings\/wp-json\/wp\/v2\/types\/page"}],"author":[{"embeddable":true,"href":"https:\/\/commons.princeton.edu\/makingvikings\/wp-json\/wp\/v2\/users\/4492"}],"replies":[{"embeddable":true,"href":"https:\/\/commons.princeton.edu\/makingvikings\/wp-json\/wp\/v2\/comments?post=617"}],"version-history":[{"count":6,"href":"https:\/\/commons.princeton.edu\/makingvikings\/wp-json\/wp\/v2\/pages\/617\/revisions"}],"predecessor-version":[{"id":857,"href":"https:\/\/commons.princeton.edu\/makingvikings\/wp-json\/wp\/v2\/pages\/617\/revisions\/857"}],"up":[{"embeddable":true,"href":"https:\/\/commons.princeton.edu\/makingvikings\/wp-json\/wp\/v2\/pages\/518"}],"wp:attachment":[{"href":"https:\/\/commons.princeton.edu\/makingvikings\/wp-json\/wp\/v2\/media?parent=617"}],"curies":[{"name":"wp","href":"https:\/\/api.w.org\/{rel}","templated":true}]}}