{"id":96,"date":"2018-12-03T23:14:58","date_gmt":"2018-12-03T23:14:58","guid":{"rendered":"https:\/\/commons.princeton.edu\/indigenous-brazil\/?page_id=96"},"modified":"2019-01-06T05:05:38","modified_gmt":"2019-01-06T05:05:38","slug":"jamille-pinheiro-dias","status":"publish","type":"page","link":"https:\/\/commons.princeton.edu\/indigenous-brazil\/convidados-especiais\/jamille-pinheiro-dias\/","title":{"rendered":"Jamille Pinheiro Dias"},"content":{"rendered":"<p style=\"text-align: center\">Aula Aberta:\u00a0 &#8220;A Queda do C\u00e9u&#8221;. de Davi\u00a0 Kopenawa Yanomami.<\/p>\n<p style=\"text-align: center\">Jamille Pinheiro Dias.<\/p>\n<p style=\"text-align: center\">P\u00f3s-Doutorado, no Departamento de Letras Modernas,<\/p>\n<p style=\"text-align: center\">&#8220;Estudos da Tradu\u00e7\u00e3o&#8221;, na Universidade de S\u00e3o Paulo .<\/p>\n<p style=\"text-align: center\"><img loading=\"lazy\" decoding=\"async\" class=\"aligncenter wp-image-458 \" src=\"http:\/\/commons.princeton.edu\/indigenous-brazil\/wp-content\/uploads\/sites\/99\/2019\/01\/JPD1.jpg\" alt=\"\" width=\"450\" height=\"338\" srcset=\"https:\/\/commons.princeton.edu\/indigenous-brazil\/wp-content\/uploads\/sites\/99\/2019\/01\/JPD1.jpg 373w, https:\/\/commons.princeton.edu\/indigenous-brazil\/wp-content\/uploads\/sites\/99\/2019\/01\/JPD1-300x225.jpg 300w\" sizes=\"auto, (max-width: 450px) 100vw, 450px\" \/><img loading=\"lazy\" decoding=\"async\" class=\"alignright wp-image-457 size-full\" src=\"http:\/\/commons.princeton.edu\/indigenous-brazil\/wp-content\/uploads\/sites\/99\/2019\/01\/JPD.jpg\" alt=\"\" width=\"373\" height=\"280\" srcset=\"https:\/\/commons.princeton.edu\/indigenous-brazil\/wp-content\/uploads\/sites\/99\/2019\/01\/JPD.jpg 373w, https:\/\/commons.princeton.edu\/indigenous-brazil\/wp-content\/uploads\/sites\/99\/2019\/01\/JPD-300x225.jpg 300w\" sizes=\"auto, (max-width: 373px) 100vw, 373px\" \/><img loading=\"lazy\" decoding=\"async\" class=\"wp-image-459 size-full alignleft\" src=\"http:\/\/commons.princeton.edu\/indigenous-brazil\/wp-content\/uploads\/sites\/99\/2019\/01\/JPD2.jpg\" alt=\"\" width=\"373\" height=\"280\" srcset=\"https:\/\/commons.princeton.edu\/indigenous-brazil\/wp-content\/uploads\/sites\/99\/2019\/01\/JPD2.jpg 373w, https:\/\/commons.princeton.edu\/indigenous-brazil\/wp-content\/uploads\/sites\/99\/2019\/01\/JPD2-300x225.jpg 300w\" sizes=\"auto, (max-width: 373px) 100vw, 373px\" \/><\/p>\n","protected":false},"excerpt":{"rendered":"<p>Aula Aberta:\u00a0 &#8220;A Queda do C\u00e9u&#8221;. de Davi\u00a0 Kopenawa Yanomami. Jamille Pinheiro Dias. P\u00f3s-Doutorado, no Departamento de Letras Modernas, &#8220;Estudos da Tradu\u00e7\u00e3o&#8221;, na Universidade de S\u00e3o Paulo .<\/p>\n","protected":false},"author":800,"featured_media":0,"parent":31,"menu_order":0,"comment_status":"closed","ping_status":"closed","template":"","meta":{"footnotes":""},"categories":[],"tags":[26,25],"class_list":["post-96","page","type-page","status-publish","hentry","tag-kopenawa","tag-queda-do-ceu","post-preview"],"_links":{"self":[{"href":"https:\/\/commons.princeton.edu\/indigenous-brazil\/wp-json\/wp\/v2\/pages\/96","targetHints":{"allow":["GET"]}}],"collection":[{"href":"https:\/\/commons.princeton.edu\/indigenous-brazil\/wp-json\/wp\/v2\/pages"}],"about":[{"href":"https:\/\/commons.princeton.edu\/indigenous-brazil\/wp-json\/wp\/v2\/types\/page"}],"author":[{"embeddable":true,"href":"https:\/\/commons.princeton.edu\/indigenous-brazil\/wp-json\/wp\/v2\/users\/800"}],"replies":[{"embeddable":true,"href":"https:\/\/commons.princeton.edu\/indigenous-brazil\/wp-json\/wp\/v2\/comments?post=96"}],"version-history":[{"count":5,"href":"https:\/\/commons.princeton.edu\/indigenous-brazil\/wp-json\/wp\/v2\/pages\/96\/revisions"}],"predecessor-version":[{"id":532,"href":"https:\/\/commons.princeton.edu\/indigenous-brazil\/wp-json\/wp\/v2\/pages\/96\/revisions\/532"}],"up":[{"embeddable":true,"href":"https:\/\/commons.princeton.edu\/indigenous-brazil\/wp-json\/wp\/v2\/pages\/31"}],"wp:attachment":[{"href":"https:\/\/commons.princeton.edu\/indigenous-brazil\/wp-json\/wp\/v2\/media?parent=96"}],"wp:term":[{"taxonomy":"category","embeddable":true,"href":"https:\/\/commons.princeton.edu\/indigenous-brazil\/wp-json\/wp\/v2\/categories?post=96"},{"taxonomy":"post_tag","embeddable":true,"href":"https:\/\/commons.princeton.edu\/indigenous-brazil\/wp-json\/wp\/v2\/tags?post=96"}],"curies":[{"name":"wp","href":"https:\/\/api.w.org\/{rel}","templated":true}]}}