{"id":49,"date":"2018-12-02T23:46:29","date_gmt":"2018-12-02T23:46:29","guid":{"rendered":"https:\/\/commons.princeton.edu\/indigenous-brazil\/?page_id=49"},"modified":"2019-01-31T21:26:44","modified_gmt":"2019-01-31T21:26:44","slug":"karina","status":"publish","type":"page","link":"https:\/\/commons.princeton.edu\/indigenous-brazil\/totem-blog\/karina\/","title":{"rendered":"Karina Aguilar Guerrero (Ikolen)"},"content":{"rendered":"<p>Karina Aguilar Guerrero<\/p>\n\n<p dir=\"ltr\">Os Ikolen s\u00e3o falantes de uma l\u00edngua da fam\u00edlia Tup\u00ed-Mond\u00e9. Eles habitam o Estado de Rond\u00f4nia. Ikolen, em sua l\u00edngua ,significa, literalmente, \u201cgavi\u00e3o\u201d. A popula\u00e7\u00e3o Ikolen distribui-se em seis aldeias: Igarap\u00e9 Lourdes, Ikolen, Cacoal, Nova Esperan\u00e7a, Castanheira, e Ingazeira, e \u00e9 superior a 520 pessoas.<\/p>\n<p dir=\"ltr\">Infelizmente, n\u00e3o existem dados demogr\u00e1ficos confi\u00e1veis anteriores ou contempor\u00e2neos ao contato com os n\u00e3o-indios. As primeiras refer\u00eancias dispon\u00edveis sobre a demografia dos Ikolen foram coletadas recentemente, a partir de 1975.\u00a0 Eu acho que tamb\u00e9m \u00e9 dif\u00edcil coletar essa informa\u00e7\u00e3o por causa da idade jovem do povo. Em sua maioria, a popula\u00e7\u00e3o Ikolen \u00e9 formada por jovens. Isso foi em grande parte causado pelo contato com os n\u00e3o-\u00edndios e suas doen\u00e7as, que causaram grande mortandade. Assim, mais de 60% da popula\u00e7\u00e3o \u00e9 composta de\u00a0 pessoas com menos de vinte anos de idade. H\u00e1 uma pequena popula\u00e7\u00e3o de membros mais velhos da comunidade, o que \u00e9 lament\u00e1vel, j\u00e1 que eles guardam a maioria das mem\u00f3rias da cultura, l\u00edngua, e tradi\u00e7\u00f5es do povo.<\/p>\n<p dir=\"ltr\">Os Ikolen mant\u00e9m rela\u00e7\u00f5es com os Karo e Zoro, mas \u00e9 com os Zoro que eles mant\u00e9m rela\u00e7\u00f5es de\u00a0 casamentos. Devido a essas rela\u00e7\u00f5es, os Ikolen e os Zoro s\u00e3o\u00a0frequentemente confundidos .<\/p>\n","protected":false},"excerpt":{"rendered":"<p>Karina Aguilar Guerrero Os Ikolen s\u00e3o falantes de uma l\u00edngua da fam\u00edlia Tup\u00ed-Mond\u00e9. Eles habitam o Estado de Rond\u00f4nia. Ikolen, em sua l\u00edngua ,significa, literalmente, \u201cgavi\u00e3o\u201d. A popula\u00e7\u00e3o Ikolen distribui-se em seis aldeias: Igarap\u00e9 Lourdes, Ikolen, Cacoal, Nova Esperan\u00e7a, Castanheira, e Ingazeira, e \u00e9 superior a 520 pessoas. Infelizmente, n\u00e3o existem dados demogr\u00e1ficos confi\u00e1veis anteriores<\/p>\n<p><a class=\"more-link\" href=\"https:\/\/commons.princeton.edu\/indigenous-brazil\/totem-blog\/karina\/\">Continue Reading<\/a><\/p>\n","protected":false},"author":800,"featured_media":0,"parent":29,"menu_order":0,"comment_status":"closed","ping_status":"closed","template":"","meta":{"footnotes":""},"categories":[],"tags":[14],"class_list":["post-49","page","type-page","status-publish","hentry","tag-ikolen","post-preview"],"_links":{"self":[{"href":"https:\/\/commons.princeton.edu\/indigenous-brazil\/wp-json\/wp\/v2\/pages\/49","targetHints":{"allow":["GET"]}}],"collection":[{"href":"https:\/\/commons.princeton.edu\/indigenous-brazil\/wp-json\/wp\/v2\/pages"}],"about":[{"href":"https:\/\/commons.princeton.edu\/indigenous-brazil\/wp-json\/wp\/v2\/types\/page"}],"author":[{"embeddable":true,"href":"https:\/\/commons.princeton.edu\/indigenous-brazil\/wp-json\/wp\/v2\/users\/800"}],"replies":[{"embeddable":true,"href":"https:\/\/commons.princeton.edu\/indigenous-brazil\/wp-json\/wp\/v2\/comments?post=49"}],"version-history":[{"count":8,"href":"https:\/\/commons.princeton.edu\/indigenous-brazil\/wp-json\/wp\/v2\/pages\/49\/revisions"}],"predecessor-version":[{"id":811,"href":"https:\/\/commons.princeton.edu\/indigenous-brazil\/wp-json\/wp\/v2\/pages\/49\/revisions\/811"}],"up":[{"embeddable":true,"href":"https:\/\/commons.princeton.edu\/indigenous-brazil\/wp-json\/wp\/v2\/pages\/29"}],"wp:attachment":[{"href":"https:\/\/commons.princeton.edu\/indigenous-brazil\/wp-json\/wp\/v2\/media?parent=49"}],"wp:term":[{"taxonomy":"category","embeddable":true,"href":"https:\/\/commons.princeton.edu\/indigenous-brazil\/wp-json\/wp\/v2\/categories?post=49"},{"taxonomy":"post_tag","embeddable":true,"href":"https:\/\/commons.princeton.edu\/indigenous-brazil\/wp-json\/wp\/v2\/tags?post=49"}],"curies":[{"name":"wp","href":"https:\/\/api.w.org\/{rel}","templated":true}]}}