{"id":47,"date":"2018-12-02T23:46:07","date_gmt":"2018-12-02T23:46:07","guid":{"rendered":"https:\/\/commons.princeton.edu\/indigenous-brazil\/?page_id=47"},"modified":"2019-01-31T02:34:48","modified_gmt":"2019-01-31T02:34:48","slug":"lisa","status":"publish","type":"page","link":"https:\/\/commons.princeton.edu\/indigenous-brazil\/totem-blog\/lisa\/","title":{"rendered":"Lisa Abascal Larson (Potiguara)"},"content":{"rendered":"<p><strong>Lisa Abascal Larson\u00a0<\/strong><\/p>\n<p>Sou uma estudante de segundo ano cursando Pol\u00edticas P\u00fablicas e Rela\u00e7\u00f5es Internacionais. Quando n\u00e3o estou na universidade, moro em Minnesota com meu pai, minha m\u00e3e, e meu irm\u00e3o, que tem 18 anos. Meu interesse sobre grupos ind\u00edgenas come\u00e7ou cedo em meus estudos na escola sobre povos ind\u00edgenas em Minnesota. Durante o ver\u00e3o, estudei em Lisboa, onde aprendi sobre a hist\u00f3ria colonial de Portugal, mas n\u00e3o falamos muito sobre Brasil, e sobretudo n\u00e3o falamos sobre os ind\u00edgenas. Ent\u00e3o, gostei de ter a oportunidade de estudar sobre o Brasil e a vida dos ind\u00edgenas, particularmente a tribo Potiguara.<\/p>\n<h3 class=\"post-title\"><a href=\"https:\/\/commons.princeton.edu\/indigenous-brazil\/os-potiguara-a-saude\/\" rel=\"bookmark\" title=\"Os Potiguara: a sa\u00fade\">Os Potiguara: a sa\u00fade<\/a><\/h3><h3 class=\"post-title\"><a href=\"https:\/\/commons.princeton.edu\/indigenous-brazil\/os-potiguara-povo-guerreiro-povo-pacifico\/\" rel=\"bookmark\" title=\"Os Potiguara: Povo Guerreiro, Povo Pac\u00edfico?\">Os Potiguara: Povo Guerreiro, Povo Pac\u00edfico?<\/a><\/h3><h3 class=\"post-title\"><a href=\"https:\/\/commons.princeton.edu\/indigenous-brazil\/os-potiguara-o-ressurgimento-do-tore\/\" rel=\"bookmark\" title=\"Os Potiguara: O Ressurgimento do Tor\u00e9\">Os Potiguara: O Ressurgimento do Tor\u00e9<\/a><\/h3><h3 class=\"post-title\"><a href=\"https:\/\/commons.princeton.edu\/indigenous-brazil\/os-potiguara-poran-potiguara-estudante-e-ativista\/\" rel=\"bookmark\" title=\"Os Potiguara: Poran Potiguara, estudante e ativista\">Os Potiguara: Poran Potiguara, estudante e ativista<\/a><\/h3><h3 class=\"post-title\"><a href=\"https:\/\/commons.princeton.edu\/indigenous-brazil\/os-potiguara-a-historia-e-a-educacao\/\" rel=\"bookmark\" title=\"Os Potiguara: a hist\u00f3ria e a educa\u00e7\u00e3o\">Os Potiguara: a hist\u00f3ria e a educa\u00e7\u00e3o<\/a><\/h3><h3 class=\"post-title\"><a href=\"https:\/\/commons.princeton.edu\/indigenous-brazil\/os-potiguara-uma-introducao\/\" rel=\"bookmark\" title=\"Os Potiguara: uma introdu\u00e7\u00e3o\">Os Potiguara: uma introdu\u00e7\u00e3o<\/a><\/h3>\n<p>&nbsp;<\/p>\n","protected":false},"excerpt":{"rendered":"<p>Lisa Abascal Larson\u00a0 Sou uma estudante de segundo ano cursando Pol\u00edticas P\u00fablicas e Rela\u00e7\u00f5es Internacionais. Quando n\u00e3o estou na universidade, moro em Minnesota com meu pai, minha m\u00e3e, e meu irm\u00e3o, que tem 18 anos. Meu interesse sobre grupos ind\u00edgenas come\u00e7ou cedo em meus estudos na escola sobre povos ind\u00edgenas em Minnesota. Durante o ver\u00e3o,<\/p>\n<p><a class=\"more-link\" href=\"https:\/\/commons.princeton.edu\/indigenous-brazil\/totem-blog\/lisa\/\">Continue Reading<\/a><\/p>\n","protected":false},"author":800,"featured_media":0,"parent":29,"menu_order":0,"comment_status":"closed","ping_status":"closed","template":"","meta":{"footnotes":""},"categories":[],"tags":[10],"class_list":["post-47","page","type-page","status-publish","hentry","tag-potiguara","post-preview"],"_links":{"self":[{"href":"https:\/\/commons.princeton.edu\/indigenous-brazil\/wp-json\/wp\/v2\/pages\/47","targetHints":{"allow":["GET"]}}],"collection":[{"href":"https:\/\/commons.princeton.edu\/indigenous-brazil\/wp-json\/wp\/v2\/pages"}],"about":[{"href":"https:\/\/commons.princeton.edu\/indigenous-brazil\/wp-json\/wp\/v2\/types\/page"}],"author":[{"embeddable":true,"href":"https:\/\/commons.princeton.edu\/indigenous-brazil\/wp-json\/wp\/v2\/users\/800"}],"replies":[{"embeddable":true,"href":"https:\/\/commons.princeton.edu\/indigenous-brazil\/wp-json\/wp\/v2\/comments?post=47"}],"version-history":[{"count":10,"href":"https:\/\/commons.princeton.edu\/indigenous-brazil\/wp-json\/wp\/v2\/pages\/47\/revisions"}],"predecessor-version":[{"id":728,"href":"https:\/\/commons.princeton.edu\/indigenous-brazil\/wp-json\/wp\/v2\/pages\/47\/revisions\/728"}],"up":[{"embeddable":true,"href":"https:\/\/commons.princeton.edu\/indigenous-brazil\/wp-json\/wp\/v2\/pages\/29"}],"wp:attachment":[{"href":"https:\/\/commons.princeton.edu\/indigenous-brazil\/wp-json\/wp\/v2\/media?parent=47"}],"wp:term":[{"taxonomy":"category","embeddable":true,"href":"https:\/\/commons.princeton.edu\/indigenous-brazil\/wp-json\/wp\/v2\/categories?post=47"},{"taxonomy":"post_tag","embeddable":true,"href":"https:\/\/commons.princeton.edu\/indigenous-brazil\/wp-json\/wp\/v2\/tags?post=47"}],"curies":[{"name":"wp","href":"https:\/\/api.w.org\/{rel}","templated":true}]}}