{"id":31,"date":"2018-12-02T22:48:55","date_gmt":"2018-12-02T22:48:55","guid":{"rendered":"https:\/\/commons.princeton.edu\/indigenous-brazil\/?page_id=31"},"modified":"2019-01-06T02:27:29","modified_gmt":"2019-01-06T02:27:29","slug":"convidados-especiais","status":"publish","type":"page","link":"https:\/\/commons.princeton.edu\/indigenous-brazil\/convidados-especiais\/","title":{"rendered":"Convidados"},"content":{"rendered":"<p><strong>26 de setembro de 2018<\/strong><\/p>\n<p><strong>S\u00e9rgio Bairon<\/strong> ( Professor da Escola de Comunica\u00e7\u00e3o e Artes da Universidade de S\u00e3o Paulo. Coordenador do <em>Diversita<\/em>s, N\u00facleo de Estudos das Diversidades, Intoler\u00e2ncias e Conflitos. USP.<\/p>\n<p>Tema: Produ\u00e7\u00e3o Partilhada do Conhecimento: Parcerias da Universidade com o Saber das Comunidades Ind\u00edgenas (Bororo, Xavantes e Karaj\u00e1s) Videos Cedipp \/ Projeto Bakaru (Bororos, MT)<\/p>\n","protected":false},"excerpt":{"rendered":"<p>26 de setembro de 2018 S\u00e9rgio Bairon ( Professor da Escola de Comunica\u00e7\u00e3o e Artes da Universidade de S\u00e3o Paulo. Coordenador do Diversitas, N\u00facleo de Estudos das Diversidades, Intoler\u00e2ncias e Conflitos. USP. Tema: Produ\u00e7\u00e3o Partilhada do Conhecimento: Parcerias da Universidade com o Saber das Comunidades Ind\u00edgenas (Bororo, Xavantes e Karaj\u00e1s) Videos Cedipp \/ Projeto Bakaru<\/p>\n<p><a class=\"more-link\" href=\"https:\/\/commons.princeton.edu\/indigenous-brazil\/convidados-especiais\/\">Continue Reading<\/a><\/p>\n","protected":false},"author":800,"featured_media":0,"parent":0,"menu_order":4,"comment_status":"closed","ping_status":"closed","template":"","meta":{"footnotes":""},"categories":[],"tags":[],"class_list":["post-31","page","type-page","status-publish","hentry","post-preview"],"_links":{"self":[{"href":"https:\/\/commons.princeton.edu\/indigenous-brazil\/wp-json\/wp\/v2\/pages\/31","targetHints":{"allow":["GET"]}}],"collection":[{"href":"https:\/\/commons.princeton.edu\/indigenous-brazil\/wp-json\/wp\/v2\/pages"}],"about":[{"href":"https:\/\/commons.princeton.edu\/indigenous-brazil\/wp-json\/wp\/v2\/types\/page"}],"author":[{"embeddable":true,"href":"https:\/\/commons.princeton.edu\/indigenous-brazil\/wp-json\/wp\/v2\/users\/800"}],"replies":[{"embeddable":true,"href":"https:\/\/commons.princeton.edu\/indigenous-brazil\/wp-json\/wp\/v2\/comments?post=31"}],"version-history":[{"count":4,"href":"https:\/\/commons.princeton.edu\/indigenous-brazil\/wp-json\/wp\/v2\/pages\/31\/revisions"}],"predecessor-version":[{"id":277,"href":"https:\/\/commons.princeton.edu\/indigenous-brazil\/wp-json\/wp\/v2\/pages\/31\/revisions\/277"}],"wp:attachment":[{"href":"https:\/\/commons.princeton.edu\/indigenous-brazil\/wp-json\/wp\/v2\/media?parent=31"}],"wp:term":[{"taxonomy":"category","embeddable":true,"href":"https:\/\/commons.princeton.edu\/indigenous-brazil\/wp-json\/wp\/v2\/categories?post=31"},{"taxonomy":"post_tag","embeddable":true,"href":"https:\/\/commons.princeton.edu\/indigenous-brazil\/wp-json\/wp\/v2\/tags?post=31"}],"curies":[{"name":"wp","href":"https:\/\/api.w.org\/{rel}","templated":true}]}}