{"id":106,"date":"2018-12-03T23:18:53","date_gmt":"2018-12-03T23:18:53","guid":{"rendered":"https:\/\/commons.princeton.edu\/indigenous-brazil\/?page_id=106"},"modified":"2019-01-06T05:26:03","modified_gmt":"2019-01-06T05:26:03","slug":"marina-t-campos","status":"publish","type":"page","link":"https:\/\/commons.princeton.edu\/indigenous-brazil\/convidados-especiais\/marina-t-campos\/","title":{"rendered":"Marina T. Campos"},"content":{"rendered":"<p><strong>Aula aberta:<\/strong><\/p>\n<p class=\"mceTemp\">\n<div id=\"attachment_442\" style=\"width: 1585px\" class=\"wp-caption alignnone\"><img loading=\"lazy\" decoding=\"async\" aria-describedby=\"caption-attachment-442\" class=\"wp-image-442 size-full\" src=\"http:\/\/commons.princeton.edu\/indigenous-brazil\/wp-content\/uploads\/sites\/99\/2019\/01\/TI_Kaxuyana-Foto-MarioVilela-Funai-143-1.jpg\" alt=\"\" width=\"1575\" height=\"1048\" srcset=\"https:\/\/commons.princeton.edu\/indigenous-brazil\/wp-content\/uploads\/sites\/99\/2019\/01\/TI_Kaxuyana-Foto-MarioVilela-Funai-143-1.jpg 1575w, https:\/\/commons.princeton.edu\/indigenous-brazil\/wp-content\/uploads\/sites\/99\/2019\/01\/TI_Kaxuyana-Foto-MarioVilela-Funai-143-1-300x200.jpg 300w, https:\/\/commons.princeton.edu\/indigenous-brazil\/wp-content\/uploads\/sites\/99\/2019\/01\/TI_Kaxuyana-Foto-MarioVilela-Funai-143-1-768x511.jpg 768w, https:\/\/commons.princeton.edu\/indigenous-brazil\/wp-content\/uploads\/sites\/99\/2019\/01\/TI_Kaxuyana-Foto-MarioVilela-Funai-143-1-1024x681.jpg 1024w, https:\/\/commons.princeton.edu\/indigenous-brazil\/wp-content\/uploads\/sites\/99\/2019\/01\/TI_Kaxuyana-Foto-MarioVilela-Funai-143-1-676x450.jpg 676w\" sizes=\"auto, (max-width: 1575px) 100vw, 1575px\" \/><p id=\"caption-attachment-442\" class=\"wp-caption-text\">TI Kaxuyana, Aldeia do Chap\u00e9u\u00a0<span style=\"color: #333333;font-size: 16px\">Photo credit: \u00a0Instituto de Pesquisa e Forma\u00e7\u00e3o Ind\u00edgena (Iep\u00e9). T.I. Kaxuyana. By Mario Vilela<\/span><\/p><\/div>\n<p>&nbsp;<\/p>\n<p style=\"text-align: center\"><strong>&#8221; Politicas Ind\u00edgenas e Conserva\u00e7\u00e3o na Amazonia: Oportunidades e Desafios\u201d<\/strong><\/p>\n<p style=\"text-align: center\">Marina Thereza Campos<\/p>\n<p style=\"text-align: center\">(PhD. Program Officer, Andes Amazon Initiative\u00a0Gordon and Betty Moore Foundation)<strong>\u00a0<\/strong><\/p>\n<p style=\"text-align: center\">24 de Outubro de 2018<\/p>\n<p style=\"text-align: left\">Nascida e criada em S\u00e3o Paulo, Brasil, Marina trabalha na conserva\u00e7\u00e3o de florestas tropicais desde 1989. Atualmente ela \u00e9 Gerente de Programa da Iniciativa Andes-Amaz\u00f4nia na Funda\u00e7\u00e3o Gordon e Betty Moore nos \u00faltimos 5 anos. Na Funda\u00e7\u00e3o Moore, Marina coordena o portf\u00f3lio de projetos brasileiros relacionados `as \u00e1reas protegidas e terras ind\u00edgenas. Antes de entrar na funda\u00e7\u00e3o, ela foi Diretora de Programa na Rainforest Foundation US. Nesta posi\u00e7\u00e3o, ela trabalhou em parceria com grupos ind\u00edgenas da Am\u00e9rica Central e do Sul para garantir seus direitos a suas terras e influenciar pol\u00edticas para proteger seus recursos naturais. Marina tamb\u00e9m atuou como Coordenadora em Mudan\u00e7as Clim\u00e1ticas para o Estado do Amazonas no Brasil, onde supervisionou a concep\u00e7\u00e3o e implementa\u00e7\u00e3o da legisla\u00e7\u00e3o estadual sobre mudan\u00e7as clim\u00e1ticas, incluindo o primeiro programa Brasileiro de pagamento por servi\u00e7os ambientais. Ela recebeu um B.Sc. e M.Sc. em Biologia pela Universidade de S\u00e3o Paulo e doutorado da Escola de Silvicultura e Ci\u00eancias Ambientais de Yale.<\/p>\n<p><strong>\u00a0Fotos<\/strong><\/p>\n<p><img loading=\"lazy\" decoding=\"async\" class=\"alignnone wp-image-546 size-full\" src=\"http:\/\/commons.princeton.edu\/indigenous-brazil\/wp-content\/uploads\/sites\/99\/2019\/01\/UNADJUSTEDNONRAW_thumb_226f.jpg\" alt=\"\" width=\"1024\" height=\"768\" srcset=\"https:\/\/commons.princeton.edu\/indigenous-brazil\/wp-content\/uploads\/sites\/99\/2019\/01\/UNADJUSTEDNONRAW_thumb_226f.jpg 1024w, https:\/\/commons.princeton.edu\/indigenous-brazil\/wp-content\/uploads\/sites\/99\/2019\/01\/UNADJUSTEDNONRAW_thumb_226f-300x225.jpg 300w, https:\/\/commons.princeton.edu\/indigenous-brazil\/wp-content\/uploads\/sites\/99\/2019\/01\/UNADJUSTEDNONRAW_thumb_226f-768x576.jpg 768w, https:\/\/commons.princeton.edu\/indigenous-brazil\/wp-content\/uploads\/sites\/99\/2019\/01\/UNADJUSTEDNONRAW_thumb_226f-676x507.jpg 676w\" sizes=\"auto, (max-width: 1024px) 100vw, 1024px\" \/> <img loading=\"lazy\" decoding=\"async\" class=\"alignnone size-medium wp-image-547\" src=\"http:\/\/commons.princeton.edu\/indigenous-brazil\/wp-content\/uploads\/sites\/99\/2019\/01\/UNADJUSTEDNONRAW_thumb_2242-300x225.jpg\" alt=\"\" width=\"300\" height=\"225\" srcset=\"https:\/\/commons.princeton.edu\/indigenous-brazil\/wp-content\/uploads\/sites\/99\/2019\/01\/UNADJUSTEDNONRAW_thumb_2242-300x225.jpg 300w, https:\/\/commons.princeton.edu\/indigenous-brazil\/wp-content\/uploads\/sites\/99\/2019\/01\/UNADJUSTEDNONRAW_thumb_2242-768x576.jpg 768w, https:\/\/commons.princeton.edu\/indigenous-brazil\/wp-content\/uploads\/sites\/99\/2019\/01\/UNADJUSTEDNONRAW_thumb_2242.jpg 1024w, https:\/\/commons.princeton.edu\/indigenous-brazil\/wp-content\/uploads\/sites\/99\/2019\/01\/UNADJUSTEDNONRAW_thumb_2242-676x507.jpg 676w\" sizes=\"auto, (max-width: 300px) 100vw, 300px\" \/> <img loading=\"lazy\" decoding=\"async\" class=\"alignnone wp-image-548 size-full\" src=\"http:\/\/commons.princeton.edu\/indigenous-brazil\/wp-content\/uploads\/sites\/99\/2019\/01\/UNADJUSTEDNONRAW_thumb_2246.jpg\" alt=\"\" width=\"1024\" height=\"768\" srcset=\"https:\/\/commons.princeton.edu\/indigenous-brazil\/wp-content\/uploads\/sites\/99\/2019\/01\/UNADJUSTEDNONRAW_thumb_2246.jpg 1024w, https:\/\/commons.princeton.edu\/indigenous-brazil\/wp-content\/uploads\/sites\/99\/2019\/01\/UNADJUSTEDNONRAW_thumb_2246-300x225.jpg 300w, https:\/\/commons.princeton.edu\/indigenous-brazil\/wp-content\/uploads\/sites\/99\/2019\/01\/UNADJUSTEDNONRAW_thumb_2246-768x576.jpg 768w, https:\/\/commons.princeton.edu\/indigenous-brazil\/wp-content\/uploads\/sites\/99\/2019\/01\/UNADJUSTEDNONRAW_thumb_2246-676x507.jpg 676w\" sizes=\"auto, (max-width: 1024px) 100vw, 1024px\" \/> <img loading=\"lazy\" decoding=\"async\" class=\"alignnone wp-image-549 size-full\" src=\"http:\/\/commons.princeton.edu\/indigenous-brazil\/wp-content\/uploads\/sites\/99\/2019\/01\/UNADJUSTEDNONRAW_thumb_225e.jpg\" alt=\"\" width=\"1024\" height=\"768\" srcset=\"https:\/\/commons.princeton.edu\/indigenous-brazil\/wp-content\/uploads\/sites\/99\/2019\/01\/UNADJUSTEDNONRAW_thumb_225e.jpg 1024w, https:\/\/commons.princeton.edu\/indigenous-brazil\/wp-content\/uploads\/sites\/99\/2019\/01\/UNADJUSTEDNONRAW_thumb_225e-300x225.jpg 300w, https:\/\/commons.princeton.edu\/indigenous-brazil\/wp-content\/uploads\/sites\/99\/2019\/01\/UNADJUSTEDNONRAW_thumb_225e-768x576.jpg 768w, https:\/\/commons.princeton.edu\/indigenous-brazil\/wp-content\/uploads\/sites\/99\/2019\/01\/UNADJUSTEDNONRAW_thumb_225e-676x507.jpg 676w\" sizes=\"auto, (max-width: 1024px) 100vw, 1024px\" \/> <img loading=\"lazy\" decoding=\"async\" class=\"alignnone size-medium wp-image-550\" src=\"http:\/\/commons.princeton.edu\/indigenous-brazil\/wp-content\/uploads\/sites\/99\/2019\/01\/UNADJUSTEDNONRAW_thumb_224e-300x225.jpg\" alt=\"\" width=\"300\" height=\"225\" srcset=\"https:\/\/commons.princeton.edu\/indigenous-brazil\/wp-content\/uploads\/sites\/99\/2019\/01\/UNADJUSTEDNONRAW_thumb_224e-300x225.jpg 300w, https:\/\/commons.princeton.edu\/indigenous-brazil\/wp-content\/uploads\/sites\/99\/2019\/01\/UNADJUSTEDNONRAW_thumb_224e-768x576.jpg 768w, https:\/\/commons.princeton.edu\/indigenous-brazil\/wp-content\/uploads\/sites\/99\/2019\/01\/UNADJUSTEDNONRAW_thumb_224e.jpg 1024w, https:\/\/commons.princeton.edu\/indigenous-brazil\/wp-content\/uploads\/sites\/99\/2019\/01\/UNADJUSTEDNONRAW_thumb_224e-676x507.jpg 676w\" sizes=\"auto, (max-width: 300px) 100vw, 300px\" \/><\/p>\n<p>&nbsp;<\/p>\n","protected":false},"excerpt":{"rendered":"<p>Aula aberta: &nbsp; &#8221; Politicas Ind\u00edgenas e Conserva\u00e7\u00e3o na Amazonia: Oportunidades e Desafios\u201d Marina Thereza Campos (PhD. Program Officer, Andes Amazon Initiative\u00a0Gordon and Betty Moore Foundation)\u00a0 24 de Outubro de 2018 Nascida e criada em S\u00e3o Paulo, Brasil, Marina trabalha na conserva\u00e7\u00e3o de florestas tropicais desde 1989. Atualmente ela \u00e9 Gerente de Programa da Iniciativa<\/p>\n<p><a class=\"more-link\" href=\"https:\/\/commons.princeton.edu\/indigenous-brazil\/convidados-especiais\/marina-t-campos\/\">Continue Reading<\/a><\/p>\n","protected":false},"author":800,"featured_media":0,"parent":31,"menu_order":0,"comment_status":"closed","ping_status":"closed","template":"","meta":{"footnotes":""},"categories":[],"tags":[],"class_list":["post-106","page","type-page","status-publish","hentry","post-preview"],"_links":{"self":[{"href":"https:\/\/commons.princeton.edu\/indigenous-brazil\/wp-json\/wp\/v2\/pages\/106","targetHints":{"allow":["GET"]}}],"collection":[{"href":"https:\/\/commons.princeton.edu\/indigenous-brazil\/wp-json\/wp\/v2\/pages"}],"about":[{"href":"https:\/\/commons.princeton.edu\/indigenous-brazil\/wp-json\/wp\/v2\/types\/page"}],"author":[{"embeddable":true,"href":"https:\/\/commons.princeton.edu\/indigenous-brazil\/wp-json\/wp\/v2\/users\/800"}],"replies":[{"embeddable":true,"href":"https:\/\/commons.princeton.edu\/indigenous-brazil\/wp-json\/wp\/v2\/comments?post=106"}],"version-history":[{"count":5,"href":"https:\/\/commons.princeton.edu\/indigenous-brazil\/wp-json\/wp\/v2\/pages\/106\/revisions"}],"predecessor-version":[{"id":551,"href":"https:\/\/commons.princeton.edu\/indigenous-brazil\/wp-json\/wp\/v2\/pages\/106\/revisions\/551"}],"up":[{"embeddable":true,"href":"https:\/\/commons.princeton.edu\/indigenous-brazil\/wp-json\/wp\/v2\/pages\/31"}],"wp:attachment":[{"href":"https:\/\/commons.princeton.edu\/indigenous-brazil\/wp-json\/wp\/v2\/media?parent=106"}],"wp:term":[{"taxonomy":"category","embeddable":true,"href":"https:\/\/commons.princeton.edu\/indigenous-brazil\/wp-json\/wp\/v2\/categories?post=106"},{"taxonomy":"post_tag","embeddable":true,"href":"https:\/\/commons.princeton.edu\/indigenous-brazil\/wp-json\/wp\/v2\/tags?post=106"}],"curies":[{"name":"wp","href":"https:\/\/api.w.org\/{rel}","templated":true}]}}