{"id":462,"date":"2020-07-09T11:21:51","date_gmt":"2020-07-09T15:21:51","guid":{"rendered":"http:\/\/commons.princeton.edu\/contextos\/?post_type=reading&#038;p=462"},"modified":"2021-08-31T08:38:46","modified_gmt":"2021-08-31T12:38:46","slug":"un-mensaje-al-sentido-comun-el-lenguaje-es-politica","status":"publish","type":"reading","link":"https:\/\/commons.princeton.edu\/contextos\/reading\/un-mensaje-al-sentido-comun-el-lenguaje-es-politica\/","title":{"rendered":"Un mensaje al sentido com\u00fan &#8211; El lenguaje es pol\u00edtica"},"content":{"rendered":"<p><img loading=\"lazy\" decoding=\"async\" class=\" wp-image-463 alignleft\" src=\"https:\/\/commons.princeton.edu\/contextos\/wp-content\/uploads\/2020\/07\/Flavia-Banana-ElPais.jpg\" alt=\"\" width=\"302\" height=\"184\" srcset=\"https:\/\/commons.princeton.edu\/contextos\/wp-content\/uploads\/2020\/07\/Flavia-Banana-ElPais.jpg 1960w, https:\/\/commons.princeton.edu\/contextos\/wp-content\/uploads\/2020\/07\/Flavia-Banana-ElPais-300x182.jpg 300w, https:\/\/commons.princeton.edu\/contextos\/wp-content\/uploads\/2020\/07\/Flavia-Banana-ElPais-1024x623.jpg 1024w, https:\/\/commons.princeton.edu\/contextos\/wp-content\/uploads\/2020\/07\/Flavia-Banana-ElPais-768x467.jpg 768w, https:\/\/commons.princeton.edu\/contextos\/wp-content\/uploads\/2020\/07\/Flavia-Banana-ElPais-1536x934.jpg 1536w\" sizes=\"auto, (max-width: 302px) 100vw, 302px\" \/>Varias autoras, <em>El Pa\u00eds,<\/em> 22 de octubre de 2018 y 15 de agosto de 2018<sup class='footnote'><a href='#fn-462-1' id='fnref-462-1' onclick='return fdfootnote_show(462)'>1<\/a><\/sup><\/p>\n<p><em><strong>En este art\u00edculo de opini\u00f3n, las autoras demuestran c\u00f3mo la gram\u00e1tica puede ser un instrumento de discriminaci\u00f3n y hacen un llamamiento sobre la necesidad de encontar maneras para hacer el lenguaje m\u00e1s inclusivo. Aunque el texto tiene caracter\u00edsticas sobre todo expositivas y argumentativas, hoy vamos a centrarnos en la funci\u00f3n descriptiva y la gram\u00e1tica asociadas a esta <sup class='footnote'><a href='#fn-462-2' id='fnref-462-2' onclick='return fdfootnote_show(462)'>2<\/a><\/sup>. Ahora, lee el texto y haz click en el icono \u201cFunciones\u201d cuando termines.<\/strong><\/em><\/p>\n<hr \/>\n<p><span class=\"funciones layer\" data-type=\"funciones\" data-post=\"479\" data-type=\"funciones\" data-href=\"https:\/\/commons.princeton.edu\/contextos\/un-mensaje-al-sentido-comun-el-lenguaje-es-politica-funciones-i\/\">La lengua es nuestro instrumento para nombrar el mundo.<\/span> Lo que la lengua no nombra, no deja de existir, pero s\u00ed est\u00e1 ausente de nuestro relato de lo que es el mundo. El mundo no cesa de cambiar y tampoco la lengua cesa de modificar nuestro relato del mundo.<span class=\"estructura layer\" data-type=\"estructura\" data-post=\"642\" data-href=\"https:\/\/commons.princeton.edu\/contextos\/un-mensaje-al-sentido-comun-el-lenguaje-es-politica-estructura-i\/\"> \u00bfQu\u00e9 ocurre cuando la lengua contiene reglas que estorban su agilidad para relatar al mundo que ha cambiado?<\/span><\/p>\n<p>Este es el caso en el que hoy vive el espa\u00f1ol. <span class=\"gram\u00e1tica layer\" rel=\"gram\u00e1tica\" data-post=\"522\" data-type=\"gram\u00e1tica\" data-href=\"https:\/\/commons.princeton.edu\/contextos\/un-mensaje-al-sentido-comun-el-lenguaje-es-politica-gramatica-i\/\">El espa\u00f1ol que heredamos y hoy usamos<\/span> contiene reglas que corresponden a un mundo patriarcal, donde las mujeres viv\u00edan supeditadas a los hombres, sin voto, sin dinero propio, sin capacidad de decidir sobre sus propias vidas. En ese mundo, los hombres eran de facto los \u00fanicos en la esfera del poder y la autoridad. Parec\u00eda entonces natural que lo masculino fuera en el lenguaje la categor\u00eda universal y lo femenino una categor\u00eda subordinada, particular.<\/p>\n<p>El mundo, afortunadamente, ha cambiado. Las mujeres han salido de las casas. Estudian. Trabajan. Votan. Ganan dinero. Deciden sobre sus cuerpos y sus vidas. Son m\u00e9dicas. Son maestras. Son juezas. Ministras. Secretarias de Estado. Presidentas. Son libres y soberanas. Es entonces natural que hoy el espa\u00f1ol deshaga las reglas que mienten a esta nueva realidad. Y que invente nuevas reglas que la <span class=\"funciones layer\" data-type=\"funciones\" data-post=\"481\" data-href=\"https:\/\/commons.princeton.edu\/contextos\/un-mensaje-al-sentido-comun-el-lenguaje-es-politica-funciones-ii\/\">describan con mayor precisi\u00f3n<\/span>.<\/p>\n<p><span class=\"gram\u00e1tica layer\" rel=\"gram\u00e1tica\" data-post=\"616\" data-type=\"gram\u00e1tica\" data-href=\"https:\/\/commons.princeton.edu\/contextos\/un-mensaje-al-sentido-comun-el-lenguaje-es-politica-gramatica-ii\/\">La regla del espa\u00f1ol que indica que el plural masculino representa lo masculino tanto como lo femenino, esconde este inc\u00f3modo secreto: no funciona en la realidad<\/span>. Al decir los m\u00e9dicos, es falso que imaginemos a m\u00e9dicos hombres y mujeres. Imaginamos solo hombres. Al decir obreros, es falso que imaginemos a obreros hombres y mujeres. Y la mera antig\u00fcedad de una regla no la justifica. Como tampoco el criterio de la brevedad de la expresi\u00f3n justifica la desaparici\u00f3n de las mujeres en los plurales.<\/p>\n<p>El lenguaje es ideolog\u00eda, representa una sociedad y una cultura y, por supuesto, representa un poder. Renunciar al lenguaje sexista es renunciar a continuar ejerciendo el poder. Y ah\u00ed es donde encontramos la resistencia de los que custodian el sistema patriarcal. No defienden el lenguaje. Est\u00e1n defendiendo una ideolog\u00eda y estamos hablando de pol\u00edtica por mucho que nos quieran hacer ver otra cosa. Para decirlo claramente, el corporativismo masculino est\u00e1 defendiendo la mirada androc\u00e9ntrica, patriarcal y machista que los sit\u00faa, a ellos \u2014 porque mayoritariamente son hombres\u2014 en el centro del poder.<\/p>\n<p>Nos dicen que el gen\u00e9rico masculino, como g\u00e9nero no marcado, incluye al femenino. Pues les decimos que no, que no lo incluye ni lo pretende. El masculino a veces es espec\u00edfico y a veces gen\u00e9rico. Requiere de un esfuerzo para entender cu\u00e1ndo incluye a unos y otras o solo a unos, e incluso s\u00f3lo a unas. Ya somos muchas las mujeres \u2014y algunos hombres\u2014 que no nos sentimos incluidas en este masculino gramatical. Entendemos que este masculino es, sencillamente, un instrumento para invisibilizar, silenciar y menospreciar a las mujeres y as\u00ed perpetuar un patriarcado que no nos quiere con voz, ni en el espacio p\u00fablico, ni en la toma de decisiones. Esta es la verdadera intenci\u00f3n que subyace en el mal llamado masculino gen\u00e9rico.<\/p>\n<p>El espa\u00f1ol es nuestra herencia com\u00fan, <span class=\"funciones layer\" rel=\"funciones\" data-post=\"486\" data-type=\"funciones\" data-href=\"https:\/\/commons.princeton.edu\/contextos\/un-mensaje-al-sentido-comun-el-lenguaje-es-politica-funciones-ii-2\/\">un instrumento de una hermosa agilidad y de una capacidad inventiva asombrosa<\/span>. Los cambios no lo est\u00e1n destruyendo, lo est\u00e1n reavivando. Las reglas de la lengua inclusiva est\u00e1n por inventarse: estemos a favor de ayudarle al espa\u00f1ol a que nos describa con mayor justicia a todos y a todas. Y, s\u00ed, el lenguaje no sexista es un arma ideol\u00f3gica y pol\u00edtica capaz de reflejar otra realidad y contribuir a la destrucci\u00f3n del poder patriarcal. Y claro, esto duele. Lo sabemos.<\/p>\n<p>&nbsp;<\/p>\n<p>&nbsp;<\/p>\n<div class='footnotes' id='footnotes-462'>\n<div class='footnotedivider'><\/div>\n<ol>\n<li id='fn-462-1'> Adaptado de los textos originales: A. Valc\u00e1rcel y S. Berman, <a href=\"https:\/\/elpais.com\/elpais\/2018\/10\/22\/opinion\/1540231285_247989.html\">https:\/\/elpais.com\/cultura\/2018\/11\/28\/actualidad\/1543418937_639835.html<\/a> e I. Muntan\u00e9 <a href=\"https:\/\/elpais.com\/elpais\/2018\/08\/07\/opinion\/1533666589_152469.html\">https:\/\/elpais.com\/elpais\/2018\/08\/07\/opinion\/1533666589_152469.html<\/a> <span class='footnotereverse'><a href='#fnref-462-1'>&#8617;<\/a><\/span><\/li>\n<li id='fn-462-2'> Esta unidad did\u00e1ctica y actividades est\u00e1n conectadas con el texto de A. Grijelmo <a href=\"https:\/\/commons.princeton.edu\/contextos\/reading\/invisibiliza-nuestra-lengua-a-la-mujer\">\u00bfInvisibiliza nuestra lengua a la mujer?<\/a> en el que se practican las mismas funciones <span class='footnotereverse'><a href='#fnref-462-2'>&#8617;<\/a><\/span><\/li>\n<\/ol>\n<\/div>\n","protected":false},"excerpt":{"rendered":"<p>En este art\u00edculo de opini\u00f3n, las autoras demuestran c\u00f3mo la gram\u00e1tica puede ser un instrumento de discriminaci\u00f3n y hacen un llamamiento sobre la necesidad de encontar maneras para hacer el lenguaje m\u00e1s inclusivo. Aunque el texto tiene caracter\u00edsticas sobre todo expositivas y argumentativas, hoy vamos a centrarnos en la funci\u00f3n descriptiva y la gram\u00e1tica asociadas a esta.<\/p>\n","protected":false},"author":2,"featured_media":463,"parent":0,"menu_order":1,"comment_status":"open","ping_status":"closed","template":"","class_list":["post-462","reading","type-reading","status-publish","has-post-thumbnail","hentry","contextos_cat-genero","contextos_tag-adjetivacion","contextos_tag-clausulas-adjetivas","contextos_tag-descripcion","contextos_tag-espana","contextos_tag-genero","contextos_tag-opinion","contextos_tag-relativos","contextos_tag-spa-108"],"_links":{"self":[{"href":"https:\/\/commons.princeton.edu\/contextos\/wp-json\/wp\/v2\/reading\/462","targetHints":{"allow":["GET"]}}],"collection":[{"href":"https:\/\/commons.princeton.edu\/contextos\/wp-json\/wp\/v2\/reading"}],"about":[{"href":"https:\/\/commons.princeton.edu\/contextos\/wp-json\/wp\/v2\/types\/reading"}],"author":[{"embeddable":true,"href":"https:\/\/commons.princeton.edu\/contextos\/wp-json\/wp\/v2\/users\/2"}],"replies":[{"embeddable":true,"href":"https:\/\/commons.princeton.edu\/contextos\/wp-json\/wp\/v2\/comments?post=462"}],"version-history":[{"count":8,"href":"https:\/\/commons.princeton.edu\/contextos\/wp-json\/wp\/v2\/reading\/462\/revisions"}],"predecessor-version":[{"id":3763,"href":"https:\/\/commons.princeton.edu\/contextos\/wp-json\/wp\/v2\/reading\/462\/revisions\/3763"}],"wp:featuredmedia":[{"embeddable":true,"href":"https:\/\/commons.princeton.edu\/contextos\/wp-json\/wp\/v2\/media\/463"}],"wp:attachment":[{"href":"https:\/\/commons.princeton.edu\/contextos\/wp-json\/wp\/v2\/media?parent=462"}],"curies":[{"name":"wp","href":"https:\/\/api.w.org\/{rel}","templated":true}]}}

Un mensaje al sentido común &#8211; El lenguaje es política

<p><img loading="lazy" decoding="async" class=" wp-image-463 alignleft" src="https://commons.princeton.edu/contextos/wp-content/uploads/2020/07/Flavia-Banana-ElPais.jpg" alt="" width="302" height="184" srcset="https://commons.princeton.edu/contextos/wp-content/uploads/2020/07/Flavia-Banana-ElPais.jpg 1960w, https://commons.princeton.edu/contextos/wp-content/uploads/2020/07/Flavia-Banana-ElPais-300x182.jpg 300w, https://commons.princeton.edu/contextos/wp-content/uploads/2020/07/Flavia-Banana-ElPais-1024x623.jpg 1024w, https://commons.princeton.edu/contextos/wp-content/uploads/2020/07/Flavia-Banana-ElPais-768x467.jpg 768w, https://commons.princeton.edu/contextos/wp-content/uploads/2020/07/Flavia-Banana-ElPais-1536x934.jpg 1536w" sizes="auto, (max-width: 302px) 100vw, 302px" />Varias autoras, <em>El País,</em> 22 de octubre de 2018 y 15 de agosto de 2018<sup class='footnote'><a href='#fn-462-1' id='fnref-462-1' onclick='return fdfootnote_show(462)'>1</a></sup></p>
<p><em><strong>En este artículo de opinión, las autoras demuestran cómo la gramática puede ser un instrumento de discriminación y hacen un llamamiento sobre la necesidad de encontar maneras para hacer el lenguaje más inclusivo. Aunque el texto tiene características sobre todo expositivas y argumentativas, hoy vamos a centrarnos en la función descriptiva y la gramática asociadas a esta <sup class='footnote'><a href='#fn-462-2' id='fnref-462-2' onclick='return fdfootnote_show(462)'>2</a></sup>. Ahora, lee el texto y haz click en el icono “Funciones” cuando termines.</strong></em></p>
<hr />
<p><span class="funciones layer" data-type="funciones" data-post="479" data-type="funciones" data-href="https://commons.princeton.edu/contextos/un-mensaje-al-sentido-comun-el-lenguaje-es-politica-funciones-i/">La lengua es nuestro instrumento para nombrar el mundo.</span> Lo que la lengua no nombra, no deja de existir, pero sí está ausente de nuestro relato de lo que es el mundo. El mundo no cesa de cambiar y tampoco la lengua cesa de modificar nuestro relato del mundo.<span class="estructura layer" data-type="estructura" data-post="642" data-href="https://commons.princeton.edu/contextos/un-mensaje-al-sentido-comun-el-lenguaje-es-politica-estructura-i/"> ¿Qué ocurre cuando la lengua contiene reglas que estorban su agilidad para relatar al mundo que ha cambiado?</span></p>
<p>Este es el caso en el que hoy vive el español. <span class="gramática layer" rel="gramática" data-post="522" data-type="gramática" data-href="https://commons.princeton.edu/contextos/un-mensaje-al-sentido-comun-el-lenguaje-es-politica-gramatica-i/">El español que heredamos y hoy usamos</span> contiene reglas que corresponden a un mundo patriarcal, donde las mujeres vivían supeditadas a los hombres, sin voto, sin dinero propio, sin capacidad de decidir sobre sus propias vidas. En ese mundo, los hombres eran de facto los únicos en la esfera del poder y la autoridad. Parecía entonces natural que lo masculino fuera en el lenguaje la categoría universal y lo femenino una categoría subordinada, particular.</p>
<p>El mundo, afortunadamente, ha cambiado. Las mujeres han salido de las casas. Estudian. Trabajan. Votan. Ganan dinero. Deciden sobre sus cuerpos y sus vidas. Son médicas. Son maestras. Son juezas. Ministras. Secretarias de Estado. Presidentas. Son libres y soberanas. Es entonces natural que hoy el español deshaga las reglas que mienten a esta nueva realidad. Y que invente nuevas reglas que la <span class="funciones layer" data-type="funciones" data-post="481" data-href="https://commons.princeton.edu/contextos/un-mensaje-al-sentido-comun-el-lenguaje-es-politica-funciones-ii/">describan con mayor precisión</span>.</p>
<p><span class="gramática layer" rel="gramática" data-post="616" data-type="gramática" data-href="https://commons.princeton.edu/contextos/un-mensaje-al-sentido-comun-el-lenguaje-es-politica-gramatica-ii/">La regla del español que indica que el plural masculino representa lo masculino tanto como lo femenino, esconde este incómodo secreto: no funciona en la realidad</span>. Al decir los médicos, es falso que imaginemos a médicos hombres y mujeres. Imaginamos solo hombres. Al decir obreros, es falso que imaginemos a obreros hombres y mujeres. Y la mera antigüedad de una regla no la justifica. Como tampoco el criterio de la brevedad de la expresión justifica la desaparición de las mujeres en los plurales.</p>
<p>El lenguaje es ideología, representa una sociedad y una cultura y, por supuesto, representa un poder. Renunciar al lenguaje sexista es renunciar a continuar ejerciendo el poder. Y ahí es donde encontramos la resistencia de los que custodian el sistema patriarcal. No defienden el lenguaje. Están defendiendo una ideología y estamos hablando de política por mucho que nos quieran hacer ver otra cosa. Para decirlo claramente, el corporativismo masculino está defendiendo la mirada androcéntrica, patriarcal y machista que los sitúa, a ellos — porque mayoritariamente son hombres— en el centro del poder.</p>
<p>Nos dicen que el genérico masculino, como género no marcado, incluye al femenino. Pues les decimos que no, que no lo incluye ni lo pretende. El masculino a veces es específico y a veces genérico. Requiere de un esfuerzo para entender cuándo incluye a unos y otras o solo a unos, e incluso sólo a unas. Ya somos muchas las mujeres —y algunos hombres— que no nos sentimos incluidas en este masculino gramatical. Entendemos que este masculino es, sencillamente, un instrumento para invisibilizar, silenciar y menospreciar a las mujeres y así perpetuar un patriarcado que no nos quiere con voz, ni en el espacio público, ni en la toma de decisiones. Esta es la verdadera intención que subyace en el mal llamado masculino genérico.</p>
<p>El español es nuestra herencia común, <span class="funciones layer" rel="funciones" data-post="486" data-type="funciones" data-href="https://commons.princeton.edu/contextos/un-mensaje-al-sentido-comun-el-lenguaje-es-politica-funciones-ii-2/">un instrumento de una hermosa agilidad y de una capacidad inventiva asombrosa</span>. Los cambios no lo están destruyendo, lo están reavivando. Las reglas de la lengua inclusiva están por inventarse: estemos a favor de ayudarle al español a que nos describa con mayor justicia a todos y a todas. Y, sí, el lenguaje no sexista es un arma ideológica y política capaz de reflejar otra realidad y contribuir a la destrucción del poder patriarcal. Y claro, esto duele. Lo sabemos.</p>
<p>&nbsp;</p>
<p>&nbsp;</p>
<div class='footnotes' id='footnotes-462'>
<div class='footnotedivider'></div>
<ol>
<li id='fn-462-1'> Adaptado de los textos originales: A. Valcárcel y S. Berman, <a href="https://elpais.com/elpais/2018/10/22/opinion/1540231285_247989.html">https://elpais.com/cultura/2018/11/28/actualidad/1543418937_639835.html</a> e I. Muntané <a href="https://elpais.com/elpais/2018/08/07/opinion/1533666589_152469.html">https://elpais.com/elpais/2018/08/07/opinion/1533666589_152469.html</a> <span class='footnotereverse'><a href='#fnref-462-1'>&#8617;</a></span></li>
<li id='fn-462-2'> Esta unidad didáctica y actividades están conectadas con el texto de A. Grijelmo <a href="https://commons.princeton.edu/contextos/reading/invisibiliza-nuestra-lengua-a-la-mujer">¿Invisibiliza nuestra lengua a la mujer?</a> en el que se practican las mismas funciones <span class='footnotereverse'><a href='#fnref-462-2'>&#8617;</a></span></li>
</ol>
</div>

<p>En este artículo de opinión, las autoras demuestran cómo la gramática puede ser un instrumento de discriminación y hacen un llamamiento sobre la necesidad de encontar maneras para hacer el lenguaje más inclusivo. Aunque el texto tiene características sobre todo expositivas y argumentativas, hoy vamos a centrarnos en la función descriptiva y la gramática asociadas a esta.</p>
