{"id":3813,"date":"2024-05-05T12:59:22","date_gmt":"2024-05-05T16:59:22","guid":{"rendered":"https:\/\/commons.princeton.edu\/contextos\/?post_type=reading&#038;p=3813"},"modified":"2024-09-03T13:15:56","modified_gmt":"2024-09-03T17:15:56","slug":"armstrong-wiggins","status":"publish","type":"reading","link":"https:\/\/commons.princeton.edu\/contextos\/reading\/armstrong-wiggins\/","title":{"rendered":"Art\u00edculo de opini\u00f3n por Armstrong Wiggins"},"content":{"rendered":"<p><img loading=\"lazy\" decoding=\"async\" class=\"alignnone size-full wp-image-4005\" src=\"https:\/\/commons.princeton.edu\/contextos\/wp-content\/uploads\/2024\/05\/San-Francisco-El-Alto.png.webp\" alt=\"\" width=\"1200\" height=\"626\" srcset=\"https:\/\/commons.princeton.edu\/contextos\/wp-content\/uploads\/2024\/05\/San-Francisco-El-Alto.png.webp 1200w, https:\/\/commons.princeton.edu\/contextos\/wp-content\/uploads\/2024\/05\/San-Francisco-El-Alto.png-300x157.webp 300w, https:\/\/commons.princeton.edu\/contextos\/wp-content\/uploads\/2024\/05\/San-Francisco-El-Alto.png-1024x534.webp 1024w, https:\/\/commons.princeton.edu\/contextos\/wp-content\/uploads\/2024\/05\/San-Francisco-El-Alto.png-768x401.webp 768w\" sizes=\"auto, (max-width: 1200px) 100vw, 1200px\" \/><\/p>\n<p>&#8220;La vida, la libertad y la b\u00fasqueda de la felicidad&#8221; son para todas las personas. Estos son los principios que <span class=\"gram\u00e1tica layer\" data-post=\"3888\" data-type=\"gram\u00e1tica\">espero el Secretario de Estado John Kerry recuerde<\/span> al participar en el 43 \u00ba Per\u00edodo de Sesiones de la Asamblea General de la Organizaci\u00f3n de Estados Americanos y en su reuni\u00f3n con el Sr. Presidente de Guatemala, Otto P\u00e9rez Molina a principios de junio.<\/p>\n<p>Imag\u00ednese, si me permite, <span class=\"cultura layer\" data-post=\"3887\" data-type=\"cultura\">a sus abuelos y padres sufriendo d\u00e9cadas de violencia, de terror y represi\u00f3n, porque quieren mantener sus tierras y hogares<\/span> para usted y sus hijos, porque quieren mantener viva su cultura y tradiciones, lo cual beneficia a la comunidad y al medio ambiente. Imag\u00ednese tener que soportar un tremendo abuso porque no hay nadie a quien acudir.<\/p>\n<p>Este es el caso de los ind\u00edgenas Maya, Xinka y Gar\u00edfuna en Guatemala que han luchado durante d\u00e9cadas contra los proyectos de desarrollo no sostenibles y por la falta de protecci\u00f3n a sus derechos humanos, a los derechos de autodeterminaci\u00f3n y control sobre sus tierras, territorios y recursos naturales.<\/p>\n<p><span class=\"discurso layer\" data-post=\"3886\" data-type=\"discurso\">Es hora de que Estados Unidos demuestre que es un l\u00edder internacional<\/span> en materia de derechos humanos y deje en claro que no tolerar\u00e1 la continuaci\u00f3n de violaciones a los derechos humanos en cualquier pa\u00eds.<\/p>\n<p>En concreto, espero que el Secretario Kerry promueva el respeto de los derechos humanos y del estado de derecho, el apoyo al desarrollo de la democracia y la paz, y la b\u00fasqueda de medidas de seguridad internacional que mantendr\u00e1n seguros a los pueblos ind\u00edgenas de Guatemala.<\/p>\n<p>Contrariamente a la propaganda del gobierno, los l\u00edderes ind\u00edgenas que he conocido a lo largo de mi trabajo con el Centro de Recursos Jur\u00eddicos para los Pueblos Ind\u00edgenas, no est\u00e1n en contra del desarrollo. Ellos quieren derechos y poder informar al proceso de desarrollo. La pr\u00e1ctica actual de asignaci\u00f3n (divisi\u00f3n) de tierra no es la soluci\u00f3n. Sabemos por la historia de EE.UU. con los ind\u00edgenas americanos que la toma de tierra y el desplazamiento de los pueblos ind\u00edgenas, conducen a la pobreza extrema y a la desaparici\u00f3n cultural. No debemos permitir que se repita esta historia en Guatemala.<\/p>\n<p>El Secretario Kerry tiene la oportunidad de hacer un cambio para los pueblos ind\u00edgenas por medio del reconocimiento de sus preocupaciones y apoyando el di\u00e1logo entre sus l\u00edderes y el Gobierno. Ning\u00fan ser humano deber\u00eda ser brutalmente asesinado por protestar por el alza de impuestos y el costo de electricidad, ni por pedir una reforma en materia constitucional y de educaci\u00f3n. Eso es lo que vimos en Totonicap\u00e1n el a\u00f1o pasado, cuando ocho personas Q&#8217;iche Mayas murieron y 30 resultaron heridas.<\/p>\n<p>Exhorto al Secretario Kerry que sea un agente de cambio e inicie un proceso para proteger los derechos y las vidas de los pueblos ind\u00edgenas.<\/p>\n<p>He o\u00eddo a los pueblos ind\u00edgenas de Guatemala, y deseo que el Secretario de Estado tambi\u00e9n lo haga.Adaptado de: <a href=\"https:\/\/indianlaw.org\/content\/art%C3%ADculo-de-opini%C3%B3n-los-derechos-ind%C3%ADgenas-deben-ser-la-m%C3%A1xima-prioridad-para-el-secretario-\">https:\/\/indianlaw.org\/content\/art%C3%ADculo-de-opini%C3%B3n-los-derechos-ind%C3%ADgenas-deben-ser-la-m%C3%A1xima-prioridad-para-el-secretario-<\/a><\/p>\n","protected":false},"excerpt":{"rendered":"<p>&#8220;La vida, la libertad y la b\u00fasqueda de la felicidad&#8221; son para todas las personas. Estos son los principios que espero el Secretario de Estado John Kerry recuerde al participar en el 43 \u00ba Per\u00edodo de Sesiones de la Asamblea General de la Organizaci\u00f3n de Estados Americanos y en su reuni\u00f3n con el Sr. Presidente [&hellip;]<\/p>\n","protected":false},"author":1,"featured_media":4005,"parent":0,"menu_order":3,"comment_status":"closed","ping_status":"closed","template":"","class_list":["post-3813","reading","type-reading","status-publish","has-post-thumbnail","hentry","contextos_cat-spa207"],"_links":{"self":[{"href":"https:\/\/commons.princeton.edu\/contextos\/wp-json\/wp\/v2\/reading\/3813","targetHints":{"allow":["GET"]}}],"collection":[{"href":"https:\/\/commons.princeton.edu\/contextos\/wp-json\/wp\/v2\/reading"}],"about":[{"href":"https:\/\/commons.princeton.edu\/contextos\/wp-json\/wp\/v2\/types\/reading"}],"author":[{"embeddable":true,"href":"https:\/\/commons.princeton.edu\/contextos\/wp-json\/wp\/v2\/users\/1"}],"replies":[{"embeddable":true,"href":"https:\/\/commons.princeton.edu\/contextos\/wp-json\/wp\/v2\/comments?post=3813"}],"version-history":[{"count":10,"href":"https:\/\/commons.princeton.edu\/contextos\/wp-json\/wp\/v2\/reading\/3813\/revisions"}],"predecessor-version":[{"id":4030,"href":"https:\/\/commons.princeton.edu\/contextos\/wp-json\/wp\/v2\/reading\/3813\/revisions\/4030"}],"wp:featuredmedia":[{"embeddable":true,"href":"https:\/\/commons.princeton.edu\/contextos\/wp-json\/wp\/v2\/media\/4005"}],"wp:attachment":[{"href":"https:\/\/commons.princeton.edu\/contextos\/wp-json\/wp\/v2\/media?parent=3813"}],"curies":[{"name":"wp","href":"https:\/\/api.w.org\/{rel}","templated":true}]}}

Artículo de opinión por Armstrong Wiggins

<p><img loading="lazy" decoding="async" class="alignnone size-full wp-image-4005" src="https://commons.princeton.edu/contextos/wp-content/uploads/2024/05/San-Francisco-El-Alto.png.webp" alt="" width="1200" height="626" srcset="https://commons.princeton.edu/contextos/wp-content/uploads/2024/05/San-Francisco-El-Alto.png.webp 1200w, https://commons.princeton.edu/contextos/wp-content/uploads/2024/05/San-Francisco-El-Alto.png-300x157.webp 300w, https://commons.princeton.edu/contextos/wp-content/uploads/2024/05/San-Francisco-El-Alto.png-1024x534.webp 1024w, https://commons.princeton.edu/contextos/wp-content/uploads/2024/05/San-Francisco-El-Alto.png-768x401.webp 768w" sizes="auto, (max-width: 1200px) 100vw, 1200px" /></p>
<p>&#8220;La vida, la libertad y la búsqueda de la felicidad&#8221; son para todas las personas. Estos son los principios que <span class="gramática layer" data-post="3888" data-type="gramática">espero el Secretario de Estado John Kerry recuerde</span> al participar en el 43 º Período de Sesiones de la Asamblea General de la Organización de Estados Americanos y en su reunión con el Sr. Presidente de Guatemala, Otto Pérez Molina a principios de junio.</p>
<p>Imagínese, si me permite, <span class="cultura layer" data-post="3887" data-type="cultura">a sus abuelos y padres sufriendo décadas de violencia, de terror y represión, porque quieren mantener sus tierras y hogares</span> para usted y sus hijos, porque quieren mantener viva su cultura y tradiciones, lo cual beneficia a la comunidad y al medio ambiente. Imagínese tener que soportar un tremendo abuso porque no hay nadie a quien acudir.</p>
<p>Este es el caso de los indígenas Maya, Xinka y Garífuna en Guatemala que han luchado durante décadas contra los proyectos de desarrollo no sostenibles y por la falta de protección a sus derechos humanos, a los derechos de autodeterminación y control sobre sus tierras, territorios y recursos naturales.</p>
<p><span class="discurso layer" data-post="3886" data-type="discurso">Es hora de que Estados Unidos demuestre que es un líder internacional</span> en materia de derechos humanos y deje en claro que no tolerará la continuación de violaciones a los derechos humanos en cualquier país.</p>
<p>En concreto, espero que el Secretario Kerry promueva el respeto de los derechos humanos y del estado de derecho, el apoyo al desarrollo de la democracia y la paz, y la búsqueda de medidas de seguridad internacional que mantendrán seguros a los pueblos indígenas de Guatemala.</p>
<p>Contrariamente a la propaganda del gobierno, los líderes indígenas que he conocido a lo largo de mi trabajo con el Centro de Recursos Jurídicos para los Pueblos Indígenas, no están en contra del desarrollo. Ellos quieren derechos y poder informar al proceso de desarrollo. La práctica actual de asignación (división) de tierra no es la solución. Sabemos por la historia de EE.UU. con los indígenas americanos que la toma de tierra y el desplazamiento de los pueblos indígenas, conducen a la pobreza extrema y a la desaparición cultural. No debemos permitir que se repita esta historia en Guatemala.</p>
<p>El Secretario Kerry tiene la oportunidad de hacer un cambio para los pueblos indígenas por medio del reconocimiento de sus preocupaciones y apoyando el diálogo entre sus líderes y el Gobierno. Ningún ser humano debería ser brutalmente asesinado por protestar por el alza de impuestos y el costo de electricidad, ni por pedir una reforma en materia constitucional y de educación. Eso es lo que vimos en Totonicapán el año pasado, cuando ocho personas Q&#8217;iche Mayas murieron y 30 resultaron heridas.</p>
<p>Exhorto al Secretario Kerry que sea un agente de cambio e inicie un proceso para proteger los derechos y las vidas de los pueblos indígenas.</p>
<p>He oído a los pueblos indígenas de Guatemala, y deseo que el Secretario de Estado también lo haga.Adaptado de: <a href="https://indianlaw.org/content/art%C3%ADculo-de-opini%C3%B3n-los-derechos-ind%C3%ADgenas-deben-ser-la-m%C3%A1xima-prioridad-para-el-secretario-">https://indianlaw.org/content/art%C3%ADculo-de-opini%C3%B3n-los-derechos-ind%C3%ADgenas-deben-ser-la-m%C3%A1xima-prioridad-para-el-secretario-</a></p>

<p>&#8220;La vida, la libertad y la búsqueda de la felicidad&#8221; son para todas las personas. Estos son los principios que espero el Secretario de Estado John Kerry recuerde al participar en el 43 º Período de Sesiones de la Asamblea General de la Organización de Estados Americanos y en su reunión con el Sr. Presidente [&hellip;]</p>
