{"id":2967,"date":"2021-08-17T08:49:49","date_gmt":"2021-08-17T12:49:49","guid":{"rendered":"https:\/\/commons.princeton.edu\/contextos\/?post_type=reading&#038;p=2967"},"modified":"2021-08-19T10:54:38","modified_gmt":"2021-08-19T14:54:38","slug":"habla-blanca","status":"publish","type":"reading","link":"https:\/\/commons.princeton.edu\/contextos\/reading\/habla-blanca\/","title":{"rendered":"Habla Blanca"},"content":{"rendered":"<div style=\"width: 640px;\" class=\"wp-video\"><video class=\"wp-video-shortcode\" id=\"video-2967-1\" width=\"640\" height=\"480\" preload=\"metadata\" controls=\"controls\"><source type=\"video\/mp4\" src=\"https:\/\/commons.princeton.edu\/contextos\/wp-content\/uploads\/2021\/08\/Habla_Blanca.mp4?_=1\" \/><a href=\"https:\/\/commons.princeton.edu\/contextos\/wp-content\/uploads\/2021\/08\/Habla_Blanca.mp4\">https:\/\/commons.princeton.edu\/contextos\/wp-content\/uploads\/2021\/08\/Habla_Blanca.mp4<\/a><\/video><\/div>\n<div class=\"transcription\"><span class=\"audio registro layer\" data-post=\"2983\" data-type=\"registro\" data-start=\"0\" data-end=\"5\">Tengo problemas con los acentos. I mean what&#8217;s the problem with accents anyway?<\/span> <span class=\"audio\" data-start=\"5\" data-end=\"12\">La gente se cree que si alguien tiene un acento es una persona de poca educaci\u00f3n.<\/span> <span class=\"audio\" data-start=\"12\" data-end=\"16\">I mean, people with accents are just plain dumb. They don&#8217;t speak right. Unless<\/span> <span class=\"audio\" data-start=\"16\" data-end=\"20\">t\u00fa tienes un acento espec\u00edfico como el de los ingleses.<\/span> <span class=\"audio funciones layer\" data-post=\"2981\" data-type=\"funciones\" data-start=\"20\" data-end=\"23\">The British are VERY intelligent.<\/span> <span class=\"audio\" data-start=\"23\" data-end=\"31\">Y los <a href='#' class='glossary'>locutores<\/a><span class='popup' >broadcasters<\/span> anglosajones tienen un lindo acento muy respetable, <a href='#' class='glossary'>ya sea<\/a><span class='popup' >be it from<\/span> del sur o del medio oeste del pa\u00eds.<\/span> <span class=\"audio funciones layer\" data-post=\"2985\" data-type=\"funciones\" data-start=\"31\" data-end=\"39\">As\u00ed sea mal pronunciado como lo he escuchado por la radio y la TV, pero aqu\u00ed en Estados Unidos nuestro acento no <span class=\"audio\" data-start=\"23\" data-end=\"31\"> <a href='#' class='glossary'>vale<\/a><span class='popup' >is worth<\/span><\/span> nada.<\/span> <span class=\"audio\" data-start=\"39\" data-end=\"48\">Y me pregunto por qu\u00e9, porque todo el mundo debe saber que una persona con acento significa que habla por lo menos dos idiomas.<\/span> <span class=\"audio gram\u00e1tica layer\" data-post=\"2987\" data-type=\"gram\u00e1tica\" data-start=\"48\" data-end=\"52\">And in my book, that makes you pretty darn smart.<\/span><\/div>\n","protected":false},"excerpt":{"rendered":"<p>\u201cHabla\u201d es un proyecto de HBO en donde varios latinos cuentan sus experiencias acerca de la vida en Estados Unidos. En este mon\u00f3logo, Blanca hace un comentario sobre algunos acentos. El humor, la argumentaci\u00f3n y la cr\u00edtica social son elementos importantes de su discurso.<\/p>\n","protected":false},"author":298,"featured_media":2957,"parent":0,"menu_order":0,"comment_status":"open","ping_status":"closed","template":"","class_list":["post-2967","reading","type-reading","status-publish","has-post-thumbnail","hentry","contextos_cat-spa105","contextos_tag-acentos","contextos_tag-adjetivacion","contextos_tag-argumentativo","contextos_tag-humor","contextos_tag-lengua","contextos_tag-monologo","contextos_tag-oralidad"],"_links":{"self":[{"href":"https:\/\/commons.princeton.edu\/contextos\/wp-json\/wp\/v2\/reading\/2967","targetHints":{"allow":["GET"]}}],"collection":[{"href":"https:\/\/commons.princeton.edu\/contextos\/wp-json\/wp\/v2\/reading"}],"about":[{"href":"https:\/\/commons.princeton.edu\/contextos\/wp-json\/wp\/v2\/types\/reading"}],"author":[{"embeddable":true,"href":"https:\/\/commons.princeton.edu\/contextos\/wp-json\/wp\/v2\/users\/298"}],"replies":[{"embeddable":true,"href":"https:\/\/commons.princeton.edu\/contextos\/wp-json\/wp\/v2\/comments?post=2967"}],"version-history":[{"count":3,"href":"https:\/\/commons.princeton.edu\/contextos\/wp-json\/wp\/v2\/reading\/2967\/revisions"}],"predecessor-version":[{"id":3089,"href":"https:\/\/commons.princeton.edu\/contextos\/wp-json\/wp\/v2\/reading\/2967\/revisions\/3089"}],"wp:featuredmedia":[{"embeddable":true,"href":"https:\/\/commons.princeton.edu\/contextos\/wp-json\/wp\/v2\/media\/2957"}],"wp:attachment":[{"href":"https:\/\/commons.princeton.edu\/contextos\/wp-json\/wp\/v2\/media?parent=2967"}],"curies":[{"name":"wp","href":"https:\/\/api.w.org\/{rel}","templated":true}]}}

<div style="width: 640px;" class="wp-video"><video class="wp-video-shortcode" id="video-2967-1" width="640" height="480" preload="metadata" controls="controls"><source type="video/mp4" src="https://commons.princeton.edu/contextos/wp-content/uploads/2021/08/Habla_Blanca.mp4?_=1" /><a href="https://commons.princeton.edu/contextos/wp-content/uploads/2021/08/Habla_Blanca.mp4">https://commons.princeton.edu/contextos/wp-content/uploads/2021/08/Habla_Blanca.mp4</a></video></div>
<div class="transcription"><span class="audio registro layer" data-post="2983" data-type="registro" data-start="0" data-end="5">Tengo problemas con los acentos. I mean what&#8217;s the problem with accents anyway?</span> <span class="audio" data-start="5" data-end="12">La gente se cree que si alguien tiene un acento es una persona de poca educación.</span> <span class="audio" data-start="12" data-end="16">I mean, people with accents are just plain dumb. They don&#8217;t speak right. Unless</span> <span class="audio" data-start="16" data-end="20">tú tienes un acento específico como el de los ingleses.</span> <span class="audio funciones layer" data-post="2981" data-type="funciones" data-start="20" data-end="23">The British are VERY intelligent.</span> <span class="audio" data-start="23" data-end="31">Y los <a href='#' class='glossary'>locutores</a><span class='popup' >broadcasters</span> anglosajones tienen un lindo acento muy respetable, <a href='#' class='glossary'>ya sea</a><span class='popup' >be it from</span> del sur o del medio oeste del país.</span> <span class="audio funciones layer" data-post="2985" data-type="funciones" data-start="31" data-end="39">Así sea mal pronunciado como lo he escuchado por la radio y la TV, pero aquí en Estados Unidos nuestro acento no <span class="audio" data-start="23" data-end="31"> <a href='#' class='glossary'>vale</a><span class='popup' >is worth</span></span> nada.</span> <span class="audio" data-start="39" data-end="48">Y me pregunto por qué, porque todo el mundo debe saber que una persona con acento significa que habla por lo menos dos idiomas.</span> <span class="audio gramática layer" data-post="2987" data-type="gramática" data-start="48" data-end="52">And in my book, that makes you pretty darn smart.</span></div>

<p>“Habla” es un proyecto de HBO en donde varios latinos cuentan sus experiencias acerca de la vida en Estados Unidos. En este monólogo, Blanca hace un comentario sobre algunos acentos. El humor, la argumentación y la crítica social son elementos importantes de su discurso.</p>
