{"id":82,"date":"2020-11-15T10:25:24","date_gmt":"2020-11-15T15:25:24","guid":{"rendered":"https:\/\/commons.princeton.edu\/art574-yixu\/?page_id=82"},"modified":"2025-12-27T15:15:47","modified_gmt":"2025-12-27T20:15:47","slug":"introduction","status":"publish","type":"page","link":"https:\/\/commons.princeton.edu\/art574-yixu\/introduction\/","title":{"rendered":"Introduction: VIVO and Subjective Documentary"},"content":{"rendered":"<p><span style=\"color: #000000\">Photography has often been treated as the modern medium of factuality. Because the photographic image forms through the action of light on a photosensitive surface, it has been understood as indexical rather than mimetic: not simply an imitation of the world, but a physical registration of it. This association with photomechanical fidelity has given photography a privileged place in documentary culture, where the camera is expected to deliver a neutral and comprehensive account of social reality.<\/span><\/p>\n<p><span style=\"color: #000000\">This exhibition explores a moment when Japanese photographers took that assumption as both a resource and a problem. In the late 1950s and early 1960s, documentary and photojournalistic expectations exerted strong pressure on photographic practice, encouraging legible narratives and an ethic of visual clarity. Yet for a younger generation coming of age amid war memory, the afterlives of occupation, rapid economic and urban transformation, and the visual saturation of mass culture, \u201creality\u201d felt neither stable nor singular.<\/span><a href=\"#_ftn1\" name=\"_ftnref1\">[1]<\/a><span style=\"color: #000000\">\u00a0If the postwar world was fractured, volatile, and unevenly experienced, then photography\u2019s claim to transparent objectivity could seem less like a guarantee than a constraint.<\/span><\/p>\n<p><span style=\"color: #000000\">It was in this context that VIVO emerged as one of the most influential experiments in postwar Japanese photography. Formed in 1959 by six photographers\u2014T\u014dmatsu Sh\u014dmei \u6771\u677e\u7167\u660e (1930\u20132012), Hosoe Eikoh \u7d30\u6c5f\u82f1\u516c (b. 1933), Kawada Kikuji \u5ddd\u7530\u559c\u4e45\u6cbb (b. 1933), Narahara Ikk\u014d \u5948\u826f\u539f\u4e00\u9ad8 (1931\u20132020), Sat\u014d Akira \u4f50\u85e4\u660e (1930\u20132002), and Tanno Akira \u4e39\u91ce\u7ae0 (1925\u20132015)\u2014VIVO operated as a short lived cooperative that supported its members\u2019 independent work while providing shared infrastructure and a collective identity (Fig. 1). The group\u2019s name came from the Esperanto word for \u201clife\u201d and also alluded to LIFE magazine, signaling a desire to keep photography close to lived experience even as its practitioners rejected the idea that experience could be delivered to viewers in a purely unfiltered form.<a href=\"#_ftn2\" name=\"_ftnref2\">[2]<\/a> <\/span><span style=\"color: #000000\">VIVO\u2019s members shared an office and darkroom in East Ginza, Tokyo, and the cooperative functioned in part as a practical self-agency model that helped photographers promote and circulate their work outside the constraints of conventional editorial assignments.<\/span><a href=\"#_ftn3\" name=\"_ftnref3\">[3]<\/a><\/p>\n<div id='gallery-1' class='gallery galleryid-82 gallery-columns-1 gallery-size-large'><figure class='gallery-item'>\n\t\t\t<div class='gallery-icon landscape'>\n\t\t\t\t<a href='https:\/\/commons.princeton.edu\/art574-yixu\/wp-content\/uploads\/sites\/239\/2021\/01\/Members-of-Vivo-in-2001-In-clockwise-order-from-the-top-left-Eikoh-Hosoe-Shomei-Tomatsu-Kikuji-Kawada-Akira-Sato-Ikko-Narahara-and-Akira-Tanno-Photo-by-Shu-Sakurai.jpg'><img loading=\"lazy\" decoding=\"async\" width=\"1024\" height=\"680\" src=\"https:\/\/commons.princeton.edu\/art574-yixu\/wp-content\/uploads\/sites\/239\/2021\/01\/Members-of-Vivo-in-2001-In-clockwise-order-from-the-top-left-Eikoh-Hosoe-Shomei-Tomatsu-Kikuji-Kawada-Akira-Sato-Ikko-Narahara-and-Akira-Tanno-Photo-by-Shu-Sakurai-1024x680.jpg\" class=\"attachment-large size-large\" alt=\"\" srcset=\"https:\/\/commons.princeton.edu\/art574-yixu\/wp-content\/uploads\/sites\/239\/2021\/01\/Members-of-Vivo-in-2001-In-clockwise-order-from-the-top-left-Eikoh-Hosoe-Shomei-Tomatsu-Kikuji-Kawada-Akira-Sato-Ikko-Narahara-and-Akira-Tanno-Photo-by-Shu-Sakurai-1024x680.jpg 1024w, https:\/\/commons.princeton.edu\/art574-yixu\/wp-content\/uploads\/sites\/239\/2021\/01\/Members-of-Vivo-in-2001-In-clockwise-order-from-the-top-left-Eikoh-Hosoe-Shomei-Tomatsu-Kikuji-Kawada-Akira-Sato-Ikko-Narahara-and-Akira-Tanno-Photo-by-Shu-Sakurai-300x199.jpg 300w, https:\/\/commons.princeton.edu\/art574-yixu\/wp-content\/uploads\/sites\/239\/2021\/01\/Members-of-Vivo-in-2001-In-clockwise-order-from-the-top-left-Eikoh-Hosoe-Shomei-Tomatsu-Kikuji-Kawada-Akira-Sato-Ikko-Narahara-and-Akira-Tanno-Photo-by-Shu-Sakurai-768x510.jpg 768w, https:\/\/commons.princeton.edu\/art574-yixu\/wp-content\/uploads\/sites\/239\/2021\/01\/Members-of-Vivo-in-2001-In-clockwise-order-from-the-top-left-Eikoh-Hosoe-Shomei-Tomatsu-Kikuji-Kawada-Akira-Sato-Ikko-Narahara-and-Akira-Tanno-Photo-by-Shu-Sakurai-1536x1020.jpg 1536w, https:\/\/commons.princeton.edu\/art574-yixu\/wp-content\/uploads\/sites\/239\/2021\/01\/Members-of-Vivo-in-2001-In-clockwise-order-from-the-top-left-Eikoh-Hosoe-Shomei-Tomatsu-Kikuji-Kawada-Akira-Sato-Ikko-Narahara-and-Akira-Tanno-Photo-by-Shu-Sakurai.jpg 1600w\" sizes=\"auto, (max-width: 1024px) 100vw, 1024px\" \/><\/a>\n\t\t\t<\/div><\/figure>\n\t\t<\/div>\n\n<p style=\"text-align: center\"><span style=\"color: #666699\">Fig. 1. Members of VIVO, in 2001. Photo by Shu Sakurai. Back row, left to right: Hosoe Eikoh, T\u014dmatsu Sh\u014dmei, Kawada Kikuji; front row, left to right: Tanno Akira, Narahara Ikk\u014d, Sat\u014d Akira.<\/span><\/p>\n<p><span style=\"color: #000000\">VIVO grew out of <em>The Eyes of Ten<\/em>, a series of exhibitions held in Tokyo between 1957 and 1959, which showcased ten emerging photographers and signaled a turning point in the field. In the wake of these exhibitions, six of the ten photographers formed the group VIVO with the shared ambition of creating \u201ca new form of photography\u201d\u2014one that insisted on the medium\u2019s expressive and structural possibilities without retreating into prewar pictorialism.<\/span><a href=\"#_ftn4\" name=\"_ftnref4\">[4]<\/a><span style=\"color: #000000\"> Although the cooperative lasted only about two years, disbanding in 1961, its impact as both an idea and a photographic movement endured. In later accounts of Japanese photography\u2019s postwar trajectory, VIVO is often treated as a crucial hinge between earlier documentary paradigms and the more overtly experimental, media-critical practices that would emerge later in the 1960s and beyond, including Provoke.<\/span><\/p>\n<p><span style=\"color: #000000\">What, then, did it mean to \u201creframe\u201d the real? For VIVO photographers, the answer was not to abandon social engagement, but to rethink how documentary could operate. Their work remained insistently attuned to contemporary conditions\u2014war trauma and its material residues, the political pressures of the US-Japan alliance, urban change, and consumer spectacle\u2014yet it refused the obligation to translate these conditions into a single authoritative narrative. In VIVO practices, documentary becomes intimate, performative, and sometimes deliberately unstable. The photograph still indexes, but it also interprets; it still records, but it also reconstructs. The \u201creal\u201d appears less as a self-evident scene than as something that comes into view through framing, layering, sequencing, and the photographer\u2019s situated presence.<\/span><\/p>\n<p><span style=\"color: #000000\">This exhibition focuses on three VIVO photographers\u2014T\u014dmatsu Sh\u014dmei, Hosoe Eikoh, and Kawada Kikuji\u2014whose works from the late 1950s through the early 1960s exemplify distinct strategies for reframing reality. T\u014dmatsu turns fragments of everyday life into emblematic encounters, using close framing, tonal contrast, and a logic of the partial to bind private vulnerability to public history. Hosoe treats photography as a collaborative performance, constructing charged tableaux in which bodies and cultural references collide, and in which identity is staged rather than simply revealed. Kawada extends reframing into the increasingly prominent format of the photobook: through sequencing, juxtaposition, and page structures such as gatefolds, he shows how documentary meaning is produced across images and across time, rather than contained within a single frame.<\/span><\/p>\n<p><span style=\"color: #000000\">Taken together, these works invite viewers to ask: when the photograph \u201crecords,\u201d what kinds of realities does it also invent? <em>The Real, Reframed<\/em> suggests that VIVO\u2019s achievement was not to negate photography\u2019s documentary force, but to show that the documentary is always already mediated\u2014by form, by context, and by the acts of looking through which \u201creality\u201d becomes thinkable as such.<\/span><\/p>\n<hr \/>\n<p><a href=\"https:\/\/commons.princeton.edu\/art574-yixu\/tomatsu-shomei\/\"><span style=\"color: #666699\">Explore the Works by T\u014dmatsu Sh\u014dmei \u6771\u677e\u7167\u660e<\/span><\/a><\/p>\n<p><a href=\"https:\/\/commons.princeton.edu\/art574-yixu\/hosoe-eikoh\/\"><span style=\"color: #666699\">Explore the Works by Hosoe Eikoh \u7d30\u6c5f\u82f1\u516c<\/span><\/a><\/p>\n<p><a href=\"https:\/\/commons.princeton.edu\/art574-yixu\/kawada-kikuji\/\"><span style=\"color: #666699\">Explore the Works by Kawada Kikuji \u5ddd\u7530\u559c\u4e45\u6cbb<\/span><\/a><\/p>\n<hr \/>\n<p><span style=\"color: #666699\"><a style=\"color: #666699\" href=\"#_ftnref1\" name=\"_ftn1\">[1]<\/a> For accounts of the development of postwar Japanese photography from trends of Photo-Realism to more subjective expressions of the VIVO collective, see: Ilzawa K\u014dtar\u014d, \u201cThe Revolution of Postwar Photography,\u201d in Anne Wilkes Tucker, et al, eds. <em>The History of Japanese Photography <\/em>(New Haven: Yale University Press, 2003), 208\u00ad\u2013225. Lena Fritsch, \u201cPost-war Trauma,\u201d in <em>Ravens &amp; Red Lipstick: Japanese Photography Since 1945<\/em> (London: Thames &amp; Hudson, 2018), 19\u201340. Lena Fritsch, \u201cThe Image Generation,\u201d in <em>Ravens &amp; Red Lipstick: Japanese Photography Since 1945<\/em>, 41\u201372.<\/span><\/p>\n<p><span style=\"color: #666699\"><a style=\"color: #666699\" href=\"#_ftnref2\" name=\"_ftn2\">[2]<\/a> The group chose the word VIVO collectively from an Esperanto dictionary. Hosoe Eikoh explained their choice of the word in an interview: \u201c<em>LIFE<\/em> was the most important journal in the field of photojournalism\u2013\u2013\u2018vivo\u2019 is another word for \u2018life\u2019. But it is also a term that combines the essential with everyday reality: \u2018life\u2019 stands for a person\u2019s life as well as daily life. Vivo is a good word.\u201d Hosoe Eikoh and Lena Fritsch, \u201cIn Conversation with Hosoe Eikoh,\u201d in <em>Ravens &amp; Red Lipstick: Japanese Photography Since 1945<\/em> (London: Thames &amp; Hudson, 2018), 51.<\/span><\/p>\n<p><span style=\"color: #666699\"><a style=\"color: #666699\" href=\"#_ftnref3\" name=\"_ftn3\">[3]<\/a> Ilzawa K\u014dtar\u014d, \u201cThe Revolution of Postwar Photography,\u201d 217.<\/span><\/p>\n<p><span style=\"color: #666699\"><a style=\"color: #666699\" href=\"#_ftnref4\" name=\"_ftn4\">[4]<\/a> Kawada Kikuji and Lena Fritsch, \u201cIn Conversation with Kawada Kikuji,\u201d in <em>Ravens &amp; Red Lipstick: Japanese Photography Since 1945<\/em> (London: Thames &amp; Hudson, 2018), 49.<\/span><\/p>\n<p>&nbsp;<\/p>\n","protected":false},"excerpt":{"rendered":"<p>Photography has often been treated as the modern medium of factuality. Because the photographic image forms through the action of light on a photosensitive surface, it has been understood as indexical rather than mimetic: not simply an imitation of the world, but a physical registration of it. This association with photomechanical fidelity has given photography [&hellip;]<\/p>\n","protected":false},"author":3443,"featured_media":0,"parent":0,"menu_order":0,"comment_status":"closed","ping_status":"closed","template":"","meta":{"footnotes":""},"class_list":["post-82","page","type-page","status-publish","hentry"],"_links":{"self":[{"href":"https:\/\/commons.princeton.edu\/art574-yixu\/wp-json\/wp\/v2\/pages\/82","targetHints":{"allow":["GET"]}}],"collection":[{"href":"https:\/\/commons.princeton.edu\/art574-yixu\/wp-json\/wp\/v2\/pages"}],"about":[{"href":"https:\/\/commons.princeton.edu\/art574-yixu\/wp-json\/wp\/v2\/types\/page"}],"author":[{"embeddable":true,"href":"https:\/\/commons.princeton.edu\/art574-yixu\/wp-json\/wp\/v2\/users\/3443"}],"replies":[{"embeddable":true,"href":"https:\/\/commons.princeton.edu\/art574-yixu\/wp-json\/wp\/v2\/comments?post=82"}],"version-history":[{"count":25,"href":"https:\/\/commons.princeton.edu\/art574-yixu\/wp-json\/wp\/v2\/pages\/82\/revisions"}],"predecessor-version":[{"id":420,"href":"https:\/\/commons.princeton.edu\/art574-yixu\/wp-json\/wp\/v2\/pages\/82\/revisions\/420"}],"wp:attachment":[{"href":"https:\/\/commons.princeton.edu\/art574-yixu\/wp-json\/wp\/v2\/media?parent=82"}],"curies":[{"name":"wp","href":"https:\/\/api.w.org\/{rel}","templated":true}]}}